flight 157484 ovmf real [real] http://logs.test-lab.xenproject.org/osstest/logs/157484/
Regressions :-( Tests which did not succeed and are blocking, including tests which could not be run: build-amd64 6 xen-build fail REGR. vs. 157345 build-i386 6 xen-build fail REGR. vs. 157345 build-amd64-xsm 6 xen-build fail REGR. vs. 157345 build-i386-xsm 6 xen-build fail REGR. vs. 157345 Tests which did not succeed, but are not blocking: build-amd64-libvirt 1 build-check(1) blocked n/a build-i386-libvirt 1 build-check(1) blocked n/a test-amd64-amd64-xl-qemuu-ovmf-amd64 1 build-check(1) blocked n/a test-amd64-i386-xl-qemuu-ovmf-amd64 1 build-check(1) blocked n/a version targeted for testing: ovmf d4633b36b94f7b4a1f41901657cbbff452173d35 baseline version: ovmf f95e80d832e923046c92cd6f0b8208cec147138e Last test of basis 157345 2020-12-09 12:40:46 Z 3 days Failing since 157348 2020-12-09 15:39:39 Z 3 days 25 attempts Testing same since 157402 2020-12-11 03:39:45 Z 2 days 18 attempts ------------------------------------------------------------ People who touched revisions under test: Abner Chang <[email protected]> Fan Wang <[email protected]> Jiaxin Wu <[email protected]> Marc Moisson-Franckhauser <[email protected]> Pierre Gondois <[email protected]> Rebecca Cran <[email protected]> Sami Mujawar <[email protected]> Siyuan Fu <[email protected]> Ting Ye <[email protected]> jobs: build-amd64-xsm fail build-i386-xsm fail build-amd64 fail build-i386 fail build-amd64-libvirt blocked build-i386-libvirt blocked build-amd64-pvops pass build-i386-pvops pass test-amd64-amd64-xl-qemuu-ovmf-amd64 blocked test-amd64-i386-xl-qemuu-ovmf-amd64 blocked ------------------------------------------------------------ sg-report-flight on osstest.test-lab.xenproject.org logs: /home/logs/logs images: /home/logs/images Logs, config files, etc. are available at http://logs.test-lab.xenproject.org/osstest/logs Explanation of these reports, and of osstest in general, is at http://xenbits.xen.org/gitweb/?p=osstest.git;a=blob;f=README.email;hb=master http://xenbits.xen.org/gitweb/?p=osstest.git;a=blob;f=README;hb=master Test harness code can be found at http://xenbits.xen.org/gitweb?p=osstest.git;a=summary Not pushing. (No revision log; it would be 360 lines long.)
