flight 158473 linux-5.4 real [real] http://logs.test-lab.xenproject.org/osstest/logs/158473/
Regressions :-( Tests which did not succeed and are blocking, including tests which could not be run: test-arm64-arm64-xl-seattle <job status> broken test-arm64-arm64-xl-seattle 5 host-install(5) broken REGR. vs. 158387 test-amd64-amd64-dom0pvh-xl-intel 8 xen-boot fail REGR. vs. 158387 test-amd64-amd64-xl-qemuu-dmrestrict-amd64-dmrestrict 14 guest-start/debianhvm.repeat fail REGR. vs. 158387 Tests which did not succeed, but are not blocking: test-amd64-amd64-xl-qemuu-win7-amd64 19 guest-stop fail like 158387 test-amd64-i386-xl-qemut-win7-amd64 19 guest-stop fail like 158387 test-amd64-amd64-xl-qemut-win7-amd64 19 guest-stop fail like 158387 test-amd64-amd64-qemuu-nested-amd 20 debian-hvm-install/l1/l2 fail like 158387 test-armhf-armhf-libvirt 16 saverestore-support-check fail like 158387 test-amd64-amd64-xl-qemuu-ws16-amd64 19 guest-stop fail like 158387 test-amd64-amd64-xl-qemut-ws16-amd64 19 guest-stop fail like 158387 test-amd64-i386-xl-qemuu-win7-amd64 19 guest-stop fail like 158387 test-amd64-i386-xl-qemut-ws16-amd64 19 guest-stop fail like 158387 test-armhf-armhf-libvirt-raw 15 saverestore-support-check fail like 158387 test-amd64-i386-xl-qemuu-ws16-amd64 19 guest-stop fail like 158387 test-amd64-amd64-libvirt-qemuu-debianhvm-amd64-xsm 13 migrate-support-check fail never pass test-amd64-i386-xl-pvshim 14 guest-start fail never pass test-amd64-amd64-libvirt 15 migrate-support-check fail never pass test-amd64-i386-libvirt-xsm 15 migrate-support-check fail never pass test-arm64-arm64-xl 15 migrate-support-check fail never pass test-arm64-arm64-xl 16 saverestore-support-check fail never pass test-amd64-amd64-libvirt-xsm 15 migrate-support-check fail never pass test-amd64-i386-libvirt 15 migrate-support-check fail never pass test-arm64-arm64-xl-xsm 15 migrate-support-check fail never pass test-arm64-arm64-xl-xsm 16 saverestore-support-check fail never pass test-arm64-arm64-xl-credit1 15 migrate-support-check fail never pass test-arm64-arm64-xl-credit1 16 saverestore-support-check fail never pass test-arm64-arm64-xl-thunderx 15 migrate-support-check fail never pass test-arm64-arm64-xl-thunderx 16 saverestore-support-check fail never pass test-arm64-arm64-xl-credit2 15 migrate-support-check fail never pass test-arm64-arm64-xl-credit2 16 saverestore-support-check fail never pass test-arm64-arm64-libvirt-xsm 15 migrate-support-check fail never pass test-armhf-armhf-xl-arndale 15 migrate-support-check fail never pass test-arm64-arm64-libvirt-xsm 16 saverestore-support-check fail never pass test-armhf-armhf-xl-arndale 16 saverestore-support-check fail never pass test-amd64-i386-libvirt-qemuu-debianhvm-amd64-xsm 13 migrate-support-check fail never pass test-amd64-amd64-libvirt-vhd 14 migrate-support-check fail never pass test-armhf-armhf-xl-multivcpu 15 migrate-support-check fail never pass test-armhf-armhf-xl-multivcpu 16 saverestore-support-check fail never pass test-armhf-armhf-xl 15 migrate-support-check fail never pass test-armhf-armhf-xl 16 saverestore-support-check fail never pass test-armhf-armhf-xl-credit1 15 migrate-support-check fail never pass test-armhf-armhf-xl-credit1 16 saverestore-support-check fail never pass test-armhf-armhf-xl-cubietruck 15 migrate-support-check fail never pass test-armhf-armhf-xl-cubietruck 16 saverestore-support-check fail never pass test-armhf-armhf-xl-credit2 15 migrate-support-check fail never pass test-armhf-armhf-xl-credit2 16 saverestore-support-check fail never pass test-armhf-armhf-libvirt 15 migrate-support-check fail never pass test-armhf-armhf-xl-rtds 15 migrate-support-check fail never pass test-armhf-armhf-xl-rtds 16 saverestore-support-check fail never pass test-armhf-armhf-xl-vhd 14 migrate-support-check fail never pass test-armhf-armhf-xl-vhd 15 saverestore-support-check fail never pass test-armhf-armhf-libvirt-raw 14 migrate-support-check fail never pass version targeted for testing: linux ceed81a883dc43e2073ecdcfd273fa179e24df5b baseline version: linux a829146c3fdcf6d0b76d9c54556a223820f1f73b Last test of basis 158387 2021-01-12 19:40:06 Z 5 days Testing same since 158473 2021-01-17 13:42:20 Z 0 days 1 attempts ------------------------------------------------------------ People who touched revisions under test: Alan Maguire <[email protected]> Aleksander Jan Bajkowski <[email protected]> Andreas Kemnade <[email protected]> Andrii Nakryiko <[email protected]> Arnd Bergmann <[email protected]> Aya Levin <[email protected]> Ayush Sawal <[email protected]> Borislav Petkov <[email protected]> Christophe JAILLET <[email protected]> Chunyan Zhang <[email protected]> Colin Ian King <[email protected]> Dan Carpenter <[email protected]> David S. Miller <[email protected]> Dinghao Liu <[email protected]> Dmitry Baryshkov <[email protected]> Fenghua Yu <[email protected]> Finn Thain <[email protected]> Florian Westphal <[email protected]> Greg Kroah-Hartman <[email protected]> Guenter Roeck <[email protected]> Gustavo Pimentel <[email protected]> Hans de Goede <[email protected]> Huazhong Tan <[email protected]> Ido Schimmel <[email protected]> Ingo Molnar <[email protected]> Jakub Kicinski <[email protected]> Jean Delvare <[email protected]> Jens Axboe <[email protected]> Jiri Kosina <[email protected]> Jiri Slaby <[email protected]> Jon Hunter <[email protected]> Jonathan Cameron <[email protected]> Jouni K. Seppänen <[email protected]> Julian Wiedmann <[email protected]> Kees Cook <[email protected]> Linhua Xu <[email protected]> Linux Kernel Functional Testing <[email protected]> Lorenzo Bianconi <[email protected]> Lu Baolu <[email protected]> Luis Lozano <[email protected]> Manoj Gupta <[email protected]> Marc Kleine-Budde <[email protected]> Marc Zyngier <[email protected]> Marcin Wojtas <[email protected]> Mark Brown <[email protected]> Mark Zhang <[email protected]> Martin KaFai Lau <[email protected]> Matthew Rosato <[email protected]> Ming Lei <[email protected]> Nathan Chancellor <[email protected]> Nick Desaulniers <[email protected]> Pablo Neira Ayuso <[email protected]> Ping Cheng <[email protected]> Ping Cheng <[email protected]> Radhey Shyam Pandey <[email protected]> Rafael J. Wysocki <[email protected]> Reinette Chatre <[email protected]> Rohit Maheshwari <[email protected]> Roman Guskov <[email protected]> Saeed Mahameed <[email protected]> Samuel Holland <[email protected]> Sasha Levin <[email protected]> Sean Tranchetti <[email protected]> Shravya Kumbham <[email protected]> Shuah Khan <[email protected]> Stefan Chulski <[email protected]> Sudip Mukherjee <[email protected]> Tony Lindgren <[email protected]> Ulf Hansson <[email protected]> Valdis Kletnieks <[email protected]> Valdis Klētnieks <[email protected]> Vasily Averin <[email protected]> Vinay Kumar Yadav <[email protected]> Vinod Koul <[email protected]> Viresh Kumar <[email protected]> Will Deacon <[email protected]> Willem de Bruijn <[email protected]> Wolfram Sang <[email protected]> Xiaolei Wang <[email protected]> Yonglong Liu <[email protected]> Yufeng Mo <[email protected]> jobs: build-amd64-xsm pass build-arm64-xsm pass build-i386-xsm pass build-amd64 pass build-arm64 pass build-armhf pass build-i386 pass build-amd64-libvirt pass build-arm64-libvirt pass build-armhf-libvirt pass build-i386-libvirt pass build-amd64-pvops pass build-arm64-pvops pass build-armhf-pvops pass build-i386-pvops pass test-amd64-amd64-xl pass test-amd64-coresched-amd64-xl pass test-arm64-arm64-xl pass test-armhf-armhf-xl pass test-amd64-i386-xl pass test-amd64-coresched-i386-xl pass test-amd64-amd64-libvirt-qemuu-debianhvm-amd64-xsm pass test-amd64-i386-libvirt-qemuu-debianhvm-amd64-xsm pass test-amd64-amd64-xl-qemut-stubdom-debianhvm-amd64-xsm pass test-amd64-i386-xl-qemut-stubdom-debianhvm-amd64-xsm pass test-amd64-amd64-xl-qemut-debianhvm-i386-xsm pass test-amd64-i386-xl-qemut-debianhvm-i386-xsm pass test-amd64-amd64-xl-qemuu-debianhvm-i386-xsm pass test-amd64-i386-xl-qemuu-debianhvm-i386-xsm pass test-amd64-amd64-libvirt-xsm pass test-arm64-arm64-libvirt-xsm pass test-amd64-i386-libvirt-xsm pass test-amd64-amd64-xl-xsm pass test-arm64-arm64-xl-xsm pass test-amd64-i386-xl-xsm pass test-amd64-amd64-qemuu-nested-amd fail test-amd64-amd64-xl-pvhv2-amd pass test-amd64-i386-qemut-rhel6hvm-amd pass test-amd64-i386-qemuu-rhel6hvm-amd pass test-amd64-amd64-dom0pvh-xl-amd pass test-amd64-amd64-xl-qemut-debianhvm-amd64 pass test-amd64-i386-xl-qemut-debianhvm-amd64 pass test-amd64-amd64-xl-qemuu-debianhvm-amd64 pass test-amd64-i386-xl-qemuu-debianhvm-amd64 pass test-amd64-i386-freebsd10-amd64 pass test-amd64-amd64-qemuu-freebsd11-amd64 pass test-amd64-amd64-qemuu-freebsd12-amd64 pass test-amd64-amd64-xl-qemuu-ovmf-amd64 pass test-amd64-i386-xl-qemuu-ovmf-amd64 pass test-amd64-amd64-xl-qemut-win7-amd64 fail test-amd64-i386-xl-qemut-win7-amd64 fail test-amd64-amd64-xl-qemuu-win7-amd64 fail test-amd64-i386-xl-qemuu-win7-amd64 fail test-amd64-amd64-xl-qemut-ws16-amd64 fail test-amd64-i386-xl-qemut-ws16-amd64 fail test-amd64-amd64-xl-qemuu-ws16-amd64 fail test-amd64-i386-xl-qemuu-ws16-amd64 fail test-armhf-armhf-xl-arndale pass test-amd64-amd64-xl-credit1 pass test-arm64-arm64-xl-credit1 pass test-armhf-armhf-xl-credit1 pass test-amd64-amd64-xl-credit2 pass test-arm64-arm64-xl-credit2 pass test-armhf-armhf-xl-credit2 pass test-armhf-armhf-xl-cubietruck pass test-amd64-amd64-xl-qemuu-dmrestrict-amd64-dmrestrict fail test-amd64-i386-xl-qemuu-dmrestrict-amd64-dmrestrict pass test-amd64-amd64-examine pass test-arm64-arm64-examine pass test-armhf-armhf-examine pass test-amd64-i386-examine pass test-amd64-i386-freebsd10-i386 pass test-amd64-amd64-qemuu-nested-intel pass test-amd64-amd64-xl-pvhv2-intel pass test-amd64-i386-qemut-rhel6hvm-intel pass test-amd64-i386-qemuu-rhel6hvm-intel pass test-amd64-amd64-dom0pvh-xl-intel fail test-amd64-amd64-libvirt pass test-armhf-armhf-libvirt pass test-amd64-i386-libvirt pass test-amd64-amd64-xl-multivcpu pass test-armhf-armhf-xl-multivcpu pass test-amd64-amd64-pair pass test-amd64-i386-pair pass test-amd64-amd64-libvirt-pair pass test-amd64-i386-libvirt-pair pass test-amd64-amd64-amd64-pvgrub pass test-amd64-amd64-i386-pvgrub pass test-amd64-amd64-xl-pvshim pass test-amd64-i386-xl-pvshim fail test-amd64-amd64-pygrub pass test-amd64-amd64-xl-qcow2 pass test-armhf-armhf-libvirt-raw pass test-amd64-i386-xl-raw pass test-amd64-amd64-xl-rtds pass test-armhf-armhf-xl-rtds pass test-arm64-arm64-xl-seattle broken test-amd64-amd64-xl-qemuu-debianhvm-amd64-shadow pass test-amd64-i386-xl-qemuu-debianhvm-amd64-shadow pass test-amd64-amd64-xl-shadow pass test-amd64-i386-xl-shadow pass test-arm64-arm64-xl-thunderx pass test-amd64-amd64-libvirt-vhd pass test-armhf-armhf-xl-vhd pass ------------------------------------------------------------ sg-report-flight on osstest.test-lab.xenproject.org logs: /home/logs/logs images: /home/logs/images Logs, config files, etc. are available at http://logs.test-lab.xenproject.org/osstest/logs Explanation of these reports, and of osstest in general, is at http://xenbits.xen.org/gitweb/?p=osstest.git;a=blob;f=README.email;hb=master http://xenbits.xen.org/gitweb/?p=osstest.git;a=blob;f=README;hb=master Test harness code can be found at http://xenbits.xen.org/gitweb?p=osstest.git;a=summary broken-job test-arm64-arm64-xl-seattle broken broken-step test-arm64-arm64-xl-seattle host-install(5) Not pushing. (No revision log; it would be 1570 lines long.)
