flight 158981 linux-5.4 real [real]
http://logs.test-lab.xenproject.org/osstest/logs/158981/

Regressions :-(

Tests which did not succeed and are blocking,
including tests which could not be run:
 test-arm64-arm64-xl-credit1     <job status>                 broken
 test-arm64-arm64-xl-seattle     <job status>                 broken
 test-amd64-amd64-dom0pvh-xl-intel 14 guest-start         fail REGR. vs. 158387
 test-amd64-amd64-dom0pvh-xl-amd 14 guest-start           fail REGR. vs. 158387
 test-amd64-amd64-xl-multivcpu 14 guest-start             fail REGR. vs. 158387
 test-amd64-amd64-xl-pvhv2-amd 14 guest-start             fail REGR. vs. 158387
 test-amd64-coresched-amd64-xl 14 guest-start             fail REGR. vs. 158387
 test-amd64-coresched-i386-xl 14 guest-start              fail REGR. vs. 158387
 test-amd64-amd64-qemuu-freebsd12-amd64 13 guest-start    fail REGR. vs. 158387
 test-amd64-amd64-libvirt     14 guest-start              fail REGR. vs. 158387
 test-amd64-i386-freebsd10-i386 13 guest-start            fail REGR. vs. 158387
 test-arm64-arm64-xl          14 guest-start              fail REGR. vs. 158387
 test-amd64-i386-pair         25 guest-start/debian       fail REGR. vs. 158387
 test-amd64-i386-qemut-rhel6hvm-amd 12 redhat-install     fail REGR. vs. 158387
 test-amd64-i386-qemuu-rhel6hvm-amd 12 redhat-install     fail REGR. vs. 158387
 test-amd64-i386-freebsd10-amd64 13 guest-start           fail REGR. vs. 158387
 test-amd64-amd64-xl-pvshim   14 guest-start              fail REGR. vs. 158387
 test-amd64-amd64-xl-pvhv2-intel 14 guest-start           fail REGR. vs. 158387
 test-amd64-amd64-xl-xsm      14 guest-start              fail REGR. vs. 158387
 test-amd64-i386-libvirt      14 guest-start              fail REGR. vs. 158387
 test-amd64-amd64-libvirt-xsm 14 guest-start              fail REGR. vs. 158387
 test-amd64-i386-xl-shadow    14 guest-start              fail REGR. vs. 158387
 test-amd64-amd64-xl-credit1  14 guest-start              fail REGR. vs. 158387
 test-amd64-amd64-pair        25 guest-start/debian       fail REGR. vs. 158387
 test-amd64-amd64-xl          14 guest-start              fail REGR. vs. 158387
 test-amd64-i386-xl           14 guest-start              fail REGR. vs. 158387
 test-amd64-amd64-xl-shadow   14 guest-start              fail REGR. vs. 158387
 test-amd64-i386-xl-xsm       14 guest-start              fail REGR. vs. 158387
 test-amd64-amd64-xl-credit2  14 guest-start              fail REGR. vs. 158387
 test-amd64-i386-libvirt-xsm  14 guest-start              fail REGR. vs. 158387
 test-amd64-i386-libvirt-pair 25 guest-start/debian       fail REGR. vs. 158387
 test-amd64-amd64-libvirt-pair 25 guest-start/debian      fail REGR. vs. 158387
 test-amd64-i386-qemut-rhel6hvm-intel 12 redhat-install   fail REGR. vs. 158387
 test-amd64-amd64-qemuu-nested-amd 12 debian-hvm-install  fail REGR. vs. 158387
 test-amd64-i386-qemuu-rhel6hvm-intel 12 redhat-install   fail REGR. vs. 158387
 test-amd64-amd64-xl-qemuu-win7-amd64 12 windows-install  fail REGR. vs. 158387
 test-amd64-i386-xl-qemut-win7-amd64 12 windows-install   fail REGR. vs. 158387
 test-amd64-amd64-amd64-pvgrub 12 debian-di-install       fail REGR. vs. 158387
 test-amd64-amd64-pygrub      12 debian-di-install        fail REGR. vs. 158387
 test-amd64-amd64-qemuu-nested-intel 12 debian-hvm-install fail REGR. vs. 158387
 test-amd64-amd64-xl-qemut-win7-amd64 12 windows-install  fail REGR. vs. 158387
 test-amd64-amd64-i386-pvgrub 12 debian-di-install        fail REGR. vs. 158387
 test-amd64-i386-xl-qemuu-debianhvm-amd64-shadow 12 debian-hvm-install fail 
REGR. vs. 158387
 test-amd64-amd64-xl-qemuu-debianhvm-amd64 12 debian-hvm-install fail REGR. vs. 
158387
 test-amd64-i386-xl-qemuu-debianhvm-amd64 12 debian-hvm-install fail REGR. vs. 
158387
 test-arm64-arm64-xl-xsm      14 guest-start              fail REGR. vs. 158387
 test-amd64-i386-xl-qemuu-ovmf-amd64 12 debian-hvm-install fail REGR. vs. 158387
 test-arm64-arm64-libvirt-xsm 14 guest-start              fail REGR. vs. 158387
 test-arm64-arm64-xl-credit2  14 guest-start              fail REGR. vs. 158387
 test-amd64-i386-xl-qemut-debianhvm-i386-xsm 12 debian-hvm-install fail REGR. 
vs. 158387
 test-amd64-amd64-xl-qemuu-dmrestrict-amd64-dmrestrict 12 debian-hvm-install 
fail REGR. vs. 158387
 test-amd64-amd64-xl-qemuu-debianhvm-amd64-shadow 12 debian-hvm-install fail 
REGR. vs. 158387
 test-amd64-amd64-xl-qemut-debianhvm-amd64 12 debian-hvm-install fail REGR. vs. 
158387
 test-amd64-i386-xl-qemut-debianhvm-amd64 12 debian-hvm-install fail REGR. vs. 
158387
 test-amd64-amd64-libvirt-qemuu-debianhvm-amd64-xsm 12 debian-hvm-install fail 
REGR. vs. 158387
 test-amd64-amd64-xl-qcow2    12 debian-di-install        fail REGR. vs. 158387
 test-amd64-amd64-libvirt-vhd 12 debian-di-install        fail REGR. vs. 158387
 test-amd64-i386-libvirt-qemuu-debianhvm-amd64-xsm 12 debian-hvm-install fail 
REGR. vs. 158387
 test-amd64-amd64-xl-qemut-stubdom-debianhvm-amd64-xsm 12 debian-hvm-install 
fail REGR. vs. 158387
 test-amd64-i386-xl-qemuu-dmrestrict-amd64-dmrestrict 12 debian-hvm-install 
fail REGR. vs. 158387
 test-amd64-i386-xl-qemuu-debianhvm-i386-xsm 12 debian-hvm-install fail REGR. 
vs. 158387
 test-amd64-amd64-xl-qemuu-ws16-amd64 12 windows-install  fail REGR. vs. 158387
 test-amd64-amd64-xl-qemuu-ovmf-amd64 12 debian-hvm-install fail REGR. vs. 
158387
 test-amd64-i386-xl-qemut-stubdom-debianhvm-amd64-xsm 12 debian-hvm-install 
fail REGR. vs. 158387
 test-amd64-amd64-xl-qemuu-debianhvm-i386-xsm 12 debian-hvm-install fail REGR. 
vs. 158387
 test-amd64-amd64-xl-qemut-ws16-amd64 12 windows-install  fail REGR. vs. 158387
 test-amd64-i386-xl-qemuu-win7-amd64 12 windows-install   fail REGR. vs. 158387
 test-arm64-arm64-xl-thunderx 14 guest-start              fail REGR. vs. 158387
 test-amd64-i386-xl-raw       12 debian-di-install        fail REGR. vs. 158387
 test-amd64-i386-xl-qemut-ws16-amd64 12 windows-install   fail REGR. vs. 158387
 test-armhf-armhf-xl-multivcpu 14 guest-start             fail REGR. vs. 158387
 test-armhf-armhf-xl-credit2  14 guest-start              fail REGR. vs. 158387
 test-armhf-armhf-xl-credit1  14 guest-start              fail REGR. vs. 158387
 test-armhf-armhf-xl-cubietruck 14 guest-start            fail REGR. vs. 158387
 test-amd64-i386-xl-qemuu-ws16-amd64 12 windows-install   fail REGR. vs. 158387
 test-armhf-armhf-libvirt     14 guest-start              fail REGR. vs. 158387
 test-amd64-amd64-qemuu-freebsd11-amd64 13 guest-start    fail REGR. vs. 158387
 test-amd64-amd64-xl-qemut-debianhvm-i386-xsm 12 debian-hvm-install fail REGR. 
vs. 158387
 test-armhf-armhf-libvirt-raw 12 debian-di-install        fail REGR. vs. 158387
 test-armhf-armhf-xl          14 guest-start              fail REGR. vs. 158387
 test-armhf-armhf-xl-vhd      12 debian-di-install        fail REGR. vs. 158387
 test-armhf-armhf-xl-arndale  14 guest-start              fail REGR. vs. 158387
 test-arm64-arm64-xl-seattle  14 guest-start    fail in 158962 REGR. vs. 158387
 test-arm64-arm64-xl-credit1  14 guest-start    fail in 158962 REGR. vs. 158387

Tests which are failing intermittently (not blocking):
 test-arm64-arm64-xl-seattle   5 host-install(5)          broken pass in 158962
 test-arm64-arm64-xl-credit1   5 host-install(5)          broken pass in 158962

Regressions which are regarded as allowable (not blocking):
 test-amd64-amd64-xl-rtds     14 guest-start              fail REGR. vs. 158387
 test-armhf-armhf-xl-rtds     14 guest-start              fail REGR. vs. 158387

Tests which did not succeed, but are not blocking:
 test-amd64-i386-xl-pvshim    14 guest-start                  fail   never pass

version targeted for testing:
 linux                0fbca6ce4174724f28be5268c5d210f51ed96e31
baseline version:
 linux                a829146c3fdcf6d0b76d9c54556a223820f1f73b

Last test of basis   158387  2021-01-12 19:40:06 Z   22 days
Failing since        158473  2021-01-17 13:42:20 Z   17 days   29 attempts
Testing same since   158818  2021-01-30 13:48:12 Z    4 days    8 attempts

------------------------------------------------------------
People who touched revisions under test:
  Adrian Hunter <[email protected]>
  Akilesh Kailash <[email protected]>
  Al Viro <[email protected]>
  Alan Maguire <[email protected]>
  Alan Stern <[email protected]>
  Aleksander Jan Bajkowski <[email protected]>
  Alex Deucher <[email protected]>
  Alex Leibovich <[email protected]>
  Alexander Lobakin <[email protected]>
  Alexander Shishkin <[email protected]>
  Alexandru Ardelean <[email protected]>
  Alexey Minnekhanov <[email protected]>
  Anders Roxell <[email protected]>
  Andreas Kemnade <[email protected]>
  Andrew Cooper <[email protected]>
  Andrew Morton <[email protected]>
  Andrey Zhizhikin <[email protected]>
  Andrii Nakryiko <[email protected]>
  Andy Lutomirski <[email protected]>
  Anthony Iliopoulos <[email protected]>
  Ard Biesheuvel <[email protected]>
  Ariel Marcovitch <[email protected]>
  Ariel Marcovitch <[email protected]>
  Arnaldo Carvalho de Melo <[email protected]>
  Arnd Bergmann <[email protected]>
  Aya Levin <[email protected]>
  Ayush Sawal <[email protected]>
  Baptiste Lepers <[email protected]>
  Bartosz Golaszewski <[email protected]>
  Baruch Siach <[email protected]>
  Ben Skeggs <[email protected]>
  Billy Tsai <[email protected]>
  Borislav Petkov <[email protected]>
  Can Guo <[email protected]>
  Catalin Marinas <[email protected]>
  Cezary Rojewski <[email protected]>
  Chris Wilson <[email protected]>
  Christoph Hellwig <[email protected]>
  Christophe JAILLET <[email protected]>
  Chuck Lever <[email protected]>
  Chunyan Zhang <[email protected]>
  Colin Ian King <[email protected]>
  Cong Wang <[email protected]>
  Craig Tatlor <[email protected]>
  Damien Le Moal <[email protected]>
  Dan Carpenter <[email protected]>
  Daniel Borkmann <[email protected]>
  Daniel Vetter <[email protected]>
  Daniel Vetter <[email protected]>
  Dave Wysochanski <[email protected]>
  David Howells <[email protected]>
  David Rientjes <[email protected]>
  David S. Miller <[email protected]>
  David Sterba <[email protected]>
  David Woodhouse <[email protected]>
  David Wu <[email protected]>
  Dennis Li <[email protected]>
  Dexuan Cui <[email protected]>
  Dinghao Liu <[email protected]>
  Dmitry Baryshkov <[email protected]>
  Enke Chen <[email protected]>
  Eric Biggers <[email protected]>
  Eric Dumazet <[email protected]>
  Eugene Korenevsky <[email protected]>
  Ewan D. Milne <[email protected]>
  Fabian Vogt <[email protected]>
  Felipe Balbi <[email protected]>
  Felix Fietkau <[email protected]>
  Fenghua Yu <[email protected]>
  Filipe Laíns <[email protected]>
  Filipe Manana <[email protected]>
  Finn Thain <[email protected]>
  Florian Fainelli <[email protected]>
  Florian Westphal <[email protected]>
  Gaurav Kohli <[email protected]>
  Geert Uytterhoeven <[email protected]>
  Gopal Tiwari <[email protected]>
  Greg Kroah-Hartman <[email protected]>
  Guenter Roeck <[email protected]>
  Guido Günther <[email protected]>
  Guillaume Nault <[email protected]>
  Gustavo Pimentel <[email protected]>
  Hamish Martin <[email protected]>
  Hangbin Liu <[email protected]>
  Hannes Reinecke <[email protected]>
  Hans de Goede <[email protected]>
  Hao Wang <[email protected]>
  Heikki Krogerus <[email protected]>
  Hoang Le <[email protected]>
  Huazhong Tan <[email protected]>
  Ido Schimmel <[email protected]>
  Igor Russkikh <[email protected]>
  Ingo Molnar <[email protected]>
  Ion Agorria <[email protected]>
  Israel Rukshin <[email protected]>
  J. Bruce Fields <[email protected]>
  [email protected] <[email protected]>
  Jakub Kicinski <[email protected]>
  Jamie Iles <[email protected]>
  Jan Kara <[email protected]>
  Jani Nikula <[email protected]>
  Jann Horn <[email protected]>
  Jason A. Donenfeld <[email protected]>
  Jason Gerecke <[email protected]>
  Jason Gerecke <[email protected]>
  Jason Gunthorpe <[email protected]>
  JC Kuo <[email protected]>
  Jean Delvare <[email protected]>
  Jean-Philippe Brucker <[email protected]>
  Jens Axboe <[email protected]>
  Jerome Brunet <[email protected]>
  Jesper Dangaard Brouer <[email protected]>
  Jethro Beekman <[email protected]>
  Jiaxun Yang <[email protected]>
  Jiri Kosina <[email protected]>
  Jiri Olsa <[email protected]>
  Jiri Slaby <[email protected]>
  Joel Stanley <[email protected]>
  Johannes Berg <[email protected]>
  Johannes Nixdorf <[email protected]>
  John Millikin <[email protected]>
  Johnathan Smithinovic <[email protected]>
  Jon Hunter <[email protected]>
  Jon Maloy <[email protected]>
  Jonathan Cameron <[email protected]>
  Joonsoo Kim <[email protected]>
  Josef Bacik <[email protected]>
  Jouni K. Seppänen <[email protected]>
  Jozsef Kadlecsik <[email protected]>
  Juerg Haefliger <[email protected]>
  Juergen Gross <[email protected]>
  Julian Wiedmann <[email protected]>
  Kai-Heng Feng <[email protected]>
  Kan Liang <[email protected]>
  Kees Cook <[email protected]>
  Krzysztof Mazur <[email protected]>
  Krzysztof Piotr Olędzki <[email protected]>
  Lars-Peter Clausen <[email protected]>
  Lecopzer Chen <[email protected]>
  Lecopzer Chen <[email protected]>
  Leon Romanovsky <[email protected]>
  Leon Schuermann <[email protected]>
  Linhua Xu <[email protected]>
  Linus Torvalds <[email protected]>
  Linus Walleij <[email protected]>
  Linux Kernel Functional Testing <[email protected]>
  Longfang Liu <[email protected]>
  Lorenzo Bianconi <[email protected]>
  Lu Baolu <[email protected]>
  Luis Lozano <[email protected]>
  Lukas Wunner <[email protected]>
  Manish Chopra <[email protected]>
  Manoj Gupta <[email protected]>
  Marc Kleine-Budde <[email protected]>
  Marc Zyngier <[email protected]>
  Marcelo Ricardo Leitner <[email protected]>
  Marcin Wojtas <[email protected]>
  Mark Bloch <[email protected]>
  Mark Brown <[email protected]>
  Mark Zhang <[email protected]>
  Martin K. Petersen <[email protected]>
  Martin KaFai Lau <[email protected]>
  Martin Wilck <[email protected]>
  Masahiro Yamada <[email protected]>
  Masami Hiramatsu <[email protected]>
  Mathias Kresin <[email protected]>
  Mathias Nyman <[email protected]>
  Matteo Croce <[email protected]>
  Matthew Rosato <[email protected]>
  Miaohe Lin <[email protected]>
  Michael Chan <[email protected]>
  Michael Ellerman <[email protected]>
  Michael Hennerich <[email protected]>
  Michael S. Tsirkin <[email protected]>
  Mike Snitzer <[email protected]>
  Mikko Perttunen <[email protected]>
  Mikulas Patocka <[email protected]>
  Ming Lei <[email protected]>
  Mircea Cirjaliu <[email protected]>
  Nathan Chancellor <[email protected]>
  Naveen N. Rao <[email protected]>
  Neal Cardwell <[email protected]>
  Necip Fazil Yildiran <[email protected]>
  Nick Desaulniers <[email protected]>
  Nicolai Stange <[email protected]>
  Nicolas Dichtel <[email protected]>
  Nilesh Javali <[email protected]>
  Oded Gabbay <[email protected]>
  Olaf Hering <[email protected]>
  Pablo Neira Ayuso <[email protected]>
  Pali Rohár <[email protected]>
  Palmer Dabbelt <[email protected]>
  Pan Bian <[email protected]>
  Parav Pandit <[email protected]>
  Patrik Jakobsson <[email protected]>
  Paul Cercueil <[email protected]>
  Paulo Alcantara (SUSE) <[email protected]>
  Paulo Alcantara <[email protected]>
  Peter Collingbourne <[email protected]>
  Peter Geis <[email protected]>
  Peter Robinson <[email protected]>
  Peter Zijlstra (Intel) <[email protected]>
  Petr Machata <[email protected]>
  Petr Machata <[email protected]>
  Phil Oester <[email protected]>
  Pierre-Louis Bossart <[email protected]>
  Ping Cheng <[email protected]>
  Ping Cheng <[email protected]>
  Po-Hsu Lin <[email protected]>
  Qinglang Miao <[email protected]>
  Qingqing Zhuo <[email protected]>
  Radhey Shyam Pandey <[email protected]>
  Rafael J. Wysocki <[email protected]>
  Rafael Kitover <[email protected]>
  Randy Dunlap <[email protected]>
  Rasmus Villemoes <[email protected]>
  Reinette Chatre <[email protected]>
  Rich Felker <[email protected]>
  Rob Clark <[email protected]>
  Roger Pau Monne <[email protected]>
  Roger Pau Monné <[email protected]>
  Rohit Maheshwari <[email protected]>
  Roman Guskov <[email protected]>
  Ronnie Sahlberg <[email protected]>
  Ross Zwisler <[email protected]>
  Ryan Chen <[email protected]>
  Saeed Mahameed <[email protected]>
  Sagar Shrikant Kadam <[email protected]>
  Sagi Grimberg <[email protected]>
  Sameer Pujar <[email protected]>
  Samuel Holland <[email protected]>
  Sasha Levin <[email protected]>
  Sean Tranchetti <[email protected]>
  Seth Miller <[email protected]>
  Shawn Guo <[email protected]>
  Shravya Kumbham <[email protected]>
  Shuah Khan <[email protected]>
  Stanislav Fomichev <[email protected]>
  Stefan Chulski <[email protected]>
  Steffen Klassert <[email protected]>
  Stephan Gerhold <[email protected]>
  Stephen Boyd <[email protected]>
  Steve French <[email protected]>
  Steven Rostedt (VMware) <[email protected]>
  Su Yue <[email protected]>
  Sudip Mukherjee <[email protected]>
  Takashi Iwai <[email protected]>
  Tariq Toukan <[email protected]>
  Theodore Ts'o <[email protected]>
  Thierry Reding <[email protected]>
  Thinh Nguyen <[email protected]>
  Thomas Bogendoerfer <[email protected]>
  Thomas Gleixner <[email protected]>
  Thomas Hebb <[email protected]>
  Tobias Waldekranz <[email protected]>
  Toke Høiland-Jørgensen <[email protected]>
  Tom Rix <[email protected]>
  Tony Lindgren <[email protected]>
  Trond Myklebust <[email protected]>
  Ulf Hansson <[email protected]>
  Uwe Kleine-König <[email protected]>
  Vadim Pasternak <[email protected]>
  Valdis Kletnieks <[email protected]>
  Valdis Klētnieks <[email protected]>
  Vasily Averin <[email protected]>
  Victor Zhao <[email protected]>
  Vinay Kumar Yadav <[email protected]>
  Vincent Mailhol <[email protected]>
  Vincenzo Frascino <[email protected]>
  Vineet Gupta <[email protected]>
  Vinod Koul <[email protected]>
  Viresh Kumar <[email protected]>
  Vladimir Oltean <[email protected]>
  Vlastimil Babka <[email protected]>
  Wang Hai <[email protected]>
  Wang Hui <[email protected]>
  Wayne Lin <[email protected]>
  Wei Liu <[email protected]>
  Will Deacon <[email protected]>
  Willem de Bruijn <[email protected]>
  Wolfram Sang <[email protected]>
  Wolfram Sang <[email protected]>
  Xiaolei Wang <[email protected]>
  yangerkun <[email protected]>
  Yazen Ghannam <[email protected]>
  Yonglong Liu <[email protected]>
  Youling Tang <[email protected]>
  YueHaibing <[email protected]>
  Yufeng Mo <[email protected]>
  zhengbin <[email protected]>

jobs:
 build-amd64-xsm                                              pass    
 build-arm64-xsm                                              pass    
 build-i386-xsm                                               pass    
 build-amd64                                                  pass    
 build-arm64                                                  pass    
 build-armhf                                                  pass    
 build-i386                                                   pass    
 build-amd64-libvirt                                          pass    
 build-arm64-libvirt                                          pass    
 build-armhf-libvirt                                          pass    
 build-i386-libvirt                                           pass    
 build-amd64-pvops                                            pass    
 build-arm64-pvops                                            pass    
 build-armhf-pvops                                            pass    
 build-i386-pvops                                             pass    
 test-amd64-amd64-xl                                          fail    
 test-amd64-coresched-amd64-xl                                fail    
 test-arm64-arm64-xl                                          fail    
 test-armhf-armhf-xl                                          fail    
 test-amd64-i386-xl                                           fail    
 test-amd64-coresched-i386-xl                                 fail    
 test-amd64-amd64-libvirt-qemuu-debianhvm-amd64-xsm           fail    
 test-amd64-i386-libvirt-qemuu-debianhvm-amd64-xsm            fail    
 test-amd64-amd64-xl-qemut-stubdom-debianhvm-amd64-xsm        fail    
 test-amd64-i386-xl-qemut-stubdom-debianhvm-amd64-xsm         fail    
 test-amd64-amd64-xl-qemut-debianhvm-i386-xsm                 fail    
 test-amd64-i386-xl-qemut-debianhvm-i386-xsm                  fail    
 test-amd64-amd64-xl-qemuu-debianhvm-i386-xsm                 fail    
 test-amd64-i386-xl-qemuu-debianhvm-i386-xsm                  fail    
 test-amd64-amd64-libvirt-xsm                                 fail    
 test-arm64-arm64-libvirt-xsm                                 fail    
 test-amd64-i386-libvirt-xsm                                  fail    
 test-amd64-amd64-xl-xsm                                      fail    
 test-arm64-arm64-xl-xsm                                      fail    
 test-amd64-i386-xl-xsm                                       fail    
 test-amd64-amd64-qemuu-nested-amd                            fail    
 test-amd64-amd64-xl-pvhv2-amd                                fail    
 test-amd64-i386-qemut-rhel6hvm-amd                           fail    
 test-amd64-i386-qemuu-rhel6hvm-amd                           fail    
 test-amd64-amd64-dom0pvh-xl-amd                              fail    
 test-amd64-amd64-xl-qemut-debianhvm-amd64                    fail    
 test-amd64-i386-xl-qemut-debianhvm-amd64                     fail    
 test-amd64-amd64-xl-qemuu-debianhvm-amd64                    fail    
 test-amd64-i386-xl-qemuu-debianhvm-amd64                     fail    
 test-amd64-i386-freebsd10-amd64                              fail    
 test-amd64-amd64-qemuu-freebsd11-amd64                       fail    
 test-amd64-amd64-qemuu-freebsd12-amd64                       fail    
 test-amd64-amd64-xl-qemuu-ovmf-amd64                         fail    
 test-amd64-i386-xl-qemuu-ovmf-amd64                          fail    
 test-amd64-amd64-xl-qemut-win7-amd64                         fail    
 test-amd64-i386-xl-qemut-win7-amd64                          fail    
 test-amd64-amd64-xl-qemuu-win7-amd64                         fail    
 test-amd64-i386-xl-qemuu-win7-amd64                          fail    
 test-amd64-amd64-xl-qemut-ws16-amd64                         fail    
 test-amd64-i386-xl-qemut-ws16-amd64                          fail    
 test-amd64-amd64-xl-qemuu-ws16-amd64                         fail    
 test-amd64-i386-xl-qemuu-ws16-amd64                          fail    
 test-armhf-armhf-xl-arndale                                  fail    
 test-amd64-amd64-xl-credit1                                  fail    
 test-arm64-arm64-xl-credit1                                  broken  
 test-armhf-armhf-xl-credit1                                  fail    
 test-amd64-amd64-xl-credit2                                  fail    
 test-arm64-arm64-xl-credit2                                  fail    
 test-armhf-armhf-xl-credit2                                  fail    
 test-armhf-armhf-xl-cubietruck                               fail    
 test-amd64-amd64-xl-qemuu-dmrestrict-amd64-dmrestrict        fail    
 test-amd64-i386-xl-qemuu-dmrestrict-amd64-dmrestrict         fail    
 test-amd64-amd64-examine                                     pass    
 test-arm64-arm64-examine                                     pass    
 test-armhf-armhf-examine                                     pass    
 test-amd64-i386-examine                                      pass    
 test-amd64-i386-freebsd10-i386                               fail    
 test-amd64-amd64-qemuu-nested-intel                          fail    
 test-amd64-amd64-xl-pvhv2-intel                              fail    
 test-amd64-i386-qemut-rhel6hvm-intel                         fail    
 test-amd64-i386-qemuu-rhel6hvm-intel                         fail    
 test-amd64-amd64-dom0pvh-xl-intel                            fail    
 test-amd64-amd64-libvirt                                     fail    
 test-armhf-armhf-libvirt                                     fail    
 test-amd64-i386-libvirt                                      fail    
 test-amd64-amd64-xl-multivcpu                                fail    
 test-armhf-armhf-xl-multivcpu                                fail    
 test-amd64-amd64-pair                                        fail    
 test-amd64-i386-pair                                         fail    
 test-amd64-amd64-libvirt-pair                                fail    
 test-amd64-i386-libvirt-pair                                 fail    
 test-amd64-amd64-amd64-pvgrub                                fail    
 test-amd64-amd64-i386-pvgrub                                 fail    
 test-amd64-amd64-xl-pvshim                                   fail    
 test-amd64-i386-xl-pvshim                                    fail    
 test-amd64-amd64-pygrub                                      fail    
 test-amd64-amd64-xl-qcow2                                    fail    
 test-armhf-armhf-libvirt-raw                                 fail    
 test-amd64-i386-xl-raw                                       fail    
 test-amd64-amd64-xl-rtds                                     fail    
 test-armhf-armhf-xl-rtds                                     fail    
 test-arm64-arm64-xl-seattle                                  broken  
 test-amd64-amd64-xl-qemuu-debianhvm-amd64-shadow             fail    
 test-amd64-i386-xl-qemuu-debianhvm-amd64-shadow              fail    
 test-amd64-amd64-xl-shadow                                   fail    
 test-amd64-i386-xl-shadow                                    fail    
 test-arm64-arm64-xl-thunderx                                 fail    
 test-amd64-amd64-libvirt-vhd                                 fail    
 test-armhf-armhf-xl-vhd                                      fail    


------------------------------------------------------------
sg-report-flight on osstest.test-lab.xenproject.org
logs: /home/logs/logs
images: /home/logs/images

Logs, config files, etc. are available at
    http://logs.test-lab.xenproject.org/osstest/logs

Explanation of these reports, and of osstest in general, is at
    http://xenbits.xen.org/gitweb/?p=osstest.git;a=blob;f=README.email;hb=master
    http://xenbits.xen.org/gitweb/?p=osstest.git;a=blob;f=README;hb=master

Test harness code can be found at
    http://xenbits.xen.org/gitweb?p=osstest.git;a=summary

broken-job test-arm64-arm64-xl-credit1 broken
broken-job test-arm64-arm64-xl-seattle broken
broken-step test-arm64-arm64-xl-seattle host-install(5)
broken-step test-arm64-arm64-xl-credit1 host-install(5)

Not pushing.

(No revision log; it would be 8166 lines long.)

Reply via email to