flight 162603 xen-unstable-smoke real [real] flight 162606 xen-unstable-smoke real-retest [real] http://logs.test-lab.xenproject.org/osstest/logs/162603/ http://logs.test-lab.xenproject.org/osstest/logs/162606/
Regressions :-( Tests which did not succeed and are blocking, including tests which could not be run: test-armhf-armhf-xl 18 guest-start/debian.repeat fail in 162597 REGR. vs. 162574 Tests which are failing intermittently (not blocking): test-armhf-armhf-xl 14 guest-start fail pass in 162597 Tests which did not succeed, but are not blocking: test-armhf-armhf-xl 15 migrate-support-check fail in 162597 never pass test-armhf-armhf-xl 16 saverestore-support-check fail in 162597 never pass test-amd64-amd64-libvirt 15 migrate-support-check fail never pass test-arm64-arm64-xl-xsm 15 migrate-support-check fail never pass test-arm64-arm64-xl-xsm 16 saverestore-support-check fail never pass version targeted for testing: xen dfcffb128be46a3e413eaa941744536fe53c94b6 baseline version: xen 3e09045991cde360432bc7437103f8f8a6699359 Last test of basis 162574 2021-06-09 14:00:34 Z 1 days Testing same since 162584 2021-06-10 00:00:27 Z 0 days 4 attempts ------------------------------------------------------------ People who touched revisions under test: Edgar E. Iglesias <[email protected]> Stefano Stabellini <[email protected]> Stefano Stabellini <[email protected]> jobs: build-arm64-xsm pass build-amd64 pass build-armhf pass build-amd64-libvirt pass test-armhf-armhf-xl fail test-arm64-arm64-xl-xsm pass test-amd64-amd64-xl-qemuu-debianhvm-amd64 pass test-amd64-amd64-libvirt pass ------------------------------------------------------------ sg-report-flight on osstest.test-lab.xenproject.org logs: /home/logs/logs images: /home/logs/images Logs, config files, etc. are available at http://logs.test-lab.xenproject.org/osstest/logs Explanation of these reports, and of osstest in general, is at http://xenbits.xen.org/gitweb/?p=osstest.git;a=blob;f=README.email;hb=master http://xenbits.xen.org/gitweb/?p=osstest.git;a=blob;f=README;hb=master Test harness code can be found at http://xenbits.xen.org/gitweb?p=osstest.git;a=summary Not pushing. ------------------------------------------------------------ commit dfcffb128be46a3e413eaa941744536fe53c94b6 Author: Stefano Stabellini <[email protected]> Date: Wed Jun 9 10:37:59 2021 -0700 xen/arm32: SPSR_hyp/SPSR SPSR_hyp is not meant to be accessed from Hyp mode (EL2); accesses trigger UNPREDICTABLE behaviour. Xen should read/write SPSR instead. See: ARM DDI 0487D.b page G8-5993. This fixes booting Xen/arm32 on QEMU. Signed-off-by: Stefano Stabellini <[email protected]> Reviewed-by: Julien Grall <[email protected]> Reviewed-by: Edgar E. Iglesias <[email protected]> Tested-by: Edgar E. Iglesias <[email protected]> (qemu changes not included)
