test-amd64-amd64-xl-qemut-win7-amd64 16 guest-localmigrate/x10 fail REGR. vs.
114644
test-amd64-i386-xl-qemuu-ws16-amd64 17 guest-stop fail REGR. vs. 114644
test-amd64-amd64-xl-qemuu-ws16-amd64 17 guest-stop fail REGR. vs. 114644
test-amd64-amd64-xl-qemut-ws16-amd64 17 guest-stop fail REGR. vs. 114644
Tests which did not succeed, but are not blocking:
test-armhf-armhf-libvirt-xsm 14 saverestore-support-check fail like 114644
test-amd64-i386-xl-qemuu-win7-amd64 17 guest-stop fail like 114644
test-amd64-amd64-xl-qemuu-win7-amd64 17 guest-stop fail like 114644
test-amd64-i386-xl-qemut-win7-amd64 17 guest-stop fail like 114644
test-armhf-armhf-libvirt-raw 13 saverestore-support-check fail like 114644
test-amd64-amd64-xl-pvhv2-amd 12 guest-start fail never pass
test-amd64-amd64-xl-pvhv2-intel 12 guest-start fail never pass
test-amd64-i386-libvirt-xsm 13 migrate-support-check fail never pass
test-amd64-i386-libvirt 13 migrate-support-check fail never pass
test-amd64-amd64-libvirt-xsm 13 migrate-support-check fail never pass
test-amd64-amd64-libvirt 13 migrate-support-check fail never pass
test-amd64-i386-libvirt-qemuu-debianhvm-amd64-xsm 11 migrate-support-check
fail never pass
test-amd64-amd64-libvirt-qemuu-debianhvm-amd64-xsm 11 migrate-support-check
fail never pass
test-amd64-i386-libvirt-qcow2 12 migrate-support-check fail never pass
test-amd64-amd64-libvirt-vhd 12 migrate-support-check fail never pass
test-amd64-amd64-qemuu-nested-amd 17 debian-hvm-install/l1/l2 fail never pass
test-armhf-armhf-xl-cubietruck 13 migrate-support-check fail never pass
test-armhf-armhf-xl-credit2 13 migrate-support-check fail never pass
test-armhf-armhf-xl-cubietruck 14 saverestore-support-check fail never pass
test-armhf-armhf-xl-credit2 14 saverestore-support-check fail never pass
test-armhf-armhf-libvirt-xsm 13 migrate-support-check fail never pass
test-armhf-armhf-xl-rtds 13 migrate-support-check fail never pass
test-armhf-armhf-xl 13 migrate-support-check fail never pass
test-armhf-armhf-xl-rtds 14 saverestore-support-check fail never pass
test-armhf-armhf-xl 14 saverestore-support-check fail never pass
test-armhf-armhf-xl-arndale 13 migrate-support-check fail never pass
test-armhf-armhf-xl-arndale 14 saverestore-support-check fail never pass
test-armhf-armhf-xl-multivcpu 13 migrate-support-check fail never pass
test-armhf-armhf-xl-xsm 13 migrate-support-check fail never pass
test-armhf-armhf-xl-multivcpu 14 saverestore-support-check fail never pass
test-armhf-armhf-xl-xsm 14 saverestore-support-check fail never pass
test-armhf-armhf-xl-vhd 12 migrate-support-check fail never pass
test-armhf-armhf-xl-vhd 13 saverestore-support-check fail never pass
test-amd64-i386-xl-qemut-ws16-amd64 17 guest-stop fail never pass
test-armhf-armhf-libvirt-raw 12 migrate-support-check fail never pass
test-amd64-i386-xl-qemut-win10-i386 10 windows-install fail never pass
test-amd64-i386-xl-qemuu-win10-i386 10 windows-install fail never pass
test-amd64-amd64-xl-qemuu-win10-i386 10 windows-install fail never pass
test-amd64-amd64-xl-qemut-win10-i386 10 windows-install fail never pass
version targeted for testing:
xen 8d7b633adab76a778ccf3e3417e903b35333c528
baseline version:
xen 24fb44e971a62b345c7b6ca3c03b454a1e150abe
Last test of basis 114644 2017-10-17 10:49:11 Z 3 days
Failing since 114670 2017-10-18 05:03:38 Z 2 days 2 attempts
Testing same since 114747 2017-10-19 12:14:38 Z 1 days 1 attempts
------------------------------------------------------------
People who touched revisions under test:
Andrew Cooper <andrew.coop...@citrix.com>
George Dunlap <george.dun...@citrix.com>
Ian Jackson <ian.jack...@eu.citrix.com>
Jan Beulich <jbeul...@suse.com>
Roger Pau Monné <roger....@citrix.com>
Tim Deegan <t...@xen.org>
Wei Liu <wei.l...@citrix.com>
jobs:
build-amd64-xsm pass
build-armhf-xsm pass
build-i386-xsm pass
build-amd64-xtf pass
build-amd64 pass
build-armhf pass
build-i386 pass
build-amd64-libvirt pass
build-armhf-libvirt pass
build-i386-libvirt pass
build-amd64-prev pass
build-i386-prev pass
build-amd64-pvops pass
build-armhf-pvops pass
build-i386-pvops pass
build-amd64-rumprun pass
build-i386-rumprun pass
test-xtf-amd64-amd64-1 pass
test-xtf-amd64-amd64-2 pass
test-xtf-amd64-amd64-3 pass
test-xtf-amd64-amd64-4 pass
test-xtf-amd64-amd64-5 pass
test-amd64-amd64-xl pass
test-armhf-armhf-xl pass
test-amd64-i386-xl pass
test-amd64-amd64-xl-qemut-debianhvm-amd64-xsm pass
test-amd64-i386-xl-qemut-debianhvm-amd64-xsm pass
test-amd64-amd64-libvirt-qemuu-debianhvm-amd64-xsm pass
test-amd64-i386-libvirt-qemuu-debianhvm-amd64-xsm pass
test-amd64-amd64-xl-qemuu-debianhvm-amd64-xsm pass
test-amd64-i386-xl-qemuu-debianhvm-amd64-xsm pass
test-amd64-amd64-xl-qemut-stubdom-debianhvm-amd64-xsm pass
test-amd64-i386-xl-qemut-stubdom-debianhvm-amd64-xsm pass
test-amd64-amd64-libvirt-xsm pass
test-armhf-armhf-libvirt-xsm pass
test-amd64-i386-libvirt-xsm pass
test-amd64-amd64-xl-xsm pass
test-armhf-armhf-xl-xsm pass
test-amd64-i386-xl-xsm pass
test-amd64-amd64-qemuu-nested-amd fail
test-amd64-amd64-xl-pvhv2-amd fail
test-amd64-i386-qemut-rhel6hvm-amd pass
test-amd64-i386-qemuu-rhel6hvm-amd pass
test-amd64-amd64-xl-qemut-debianhvm-amd64 pass
test-amd64-i386-xl-qemut-debianhvm-amd64 pass
test-amd64-amd64-xl-qemuu-debianhvm-amd64 pass
test-amd64-i386-xl-qemuu-debianhvm-amd64 pass
test-amd64-i386-freebsd10-amd64 pass
test-amd64-amd64-xl-qemuu-ovmf-amd64 pass
test-amd64-i386-xl-qemuu-ovmf-amd64 pass
test-amd64-amd64-rumprun-amd64 pass
test-amd64-amd64-xl-qemut-win7-amd64 fail
test-amd64-i386-xl-qemut-win7-amd64 fail
test-amd64-amd64-xl-qemuu-win7-amd64 fail
test-amd64-i386-xl-qemuu-win7-amd64 fail
test-amd64-amd64-xl-qemut-ws16-amd64 fail
test-amd64-i386-xl-qemut-ws16-amd64 fail
test-amd64-amd64-xl-qemuu-ws16-amd64 fail
test-amd64-i386-xl-qemuu-ws16-amd64 fail
test-armhf-armhf-xl-arndale pass
test-amd64-amd64-xl-credit2 pass
test-armhf-armhf-xl-credit2 pass
test-armhf-armhf-xl-cubietruck pass
test-amd64-amd64-examine pass
test-armhf-armhf-examine pass
test-amd64-i386-examine pass
test-amd64-i386-freebsd10-i386 pass
test-amd64-i386-rumprun-i386 pass
test-amd64-amd64-xl-qemut-win10-i386 fail
test-amd64-i386-xl-qemut-win10-i386 fail
test-amd64-amd64-xl-qemuu-win10-i386 fail
test-amd64-i386-xl-qemuu-win10-i386 fail
test-amd64-amd64-qemuu-nested-intel pass
test-amd64-amd64-xl-pvhv2-intel fail
test-amd64-i386-qemut-rhel6hvm-intel pass
test-amd64-i386-qemuu-rhel6hvm-intel pass
test-amd64-amd64-libvirt pass
test-armhf-armhf-libvirt fail
test-amd64-i386-libvirt pass
test-amd64-amd64-livepatch pass
test-amd64-i386-livepatch pass
test-amd64-amd64-migrupgrade pass
test-amd64-i386-migrupgrade pass
test-amd64-amd64-xl-multivcpu pass
test-armhf-armhf-xl-multivcpu pass
test-amd64-amd64-pair pass
test-amd64-i386-pair pass
test-amd64-amd64-libvirt-pair pass
test-amd64-i386-libvirt-pair pass
test-amd64-amd64-amd64-pvgrub pass
test-amd64-amd64-i386-pvgrub pass
test-amd64-amd64-pygrub pass
test-amd64-i386-libvirt-qcow2 pass
test-amd64-amd64-xl-qcow2 pass
test-armhf-armhf-libvirt-raw pass
test-amd64-i386-xl-raw pass
test-amd64-amd64-xl-rtds pass
test-armhf-armhf-xl-rtds pass
test-amd64-amd64-libvirt-vhd pass
test-armhf-armhf-xl-vhd pass
------------------------------------------------------------
sg-report-flight on osstest.test-lab.xenproject.org
logs: /home/logs/logs
images: /home/logs/images
Logs, config files, etc. are available at
http://logs.test-lab.xenproject.org/osstest/logs
Explanation of these reports, and of osstest in general, is at
http://xenbits.xen.org/gitweb/?p=osstest.git;a=blob;f=README.email;hb=master
http://xenbits.xen.org/gitweb/?p=osstest.git;a=blob;f=README;hb=master
Test harness code can be found at
http://xenbits.xen.org/gitweb?p=osstest.git;a=summary
Not pushing.
------------------------------------------------------------
commit 8d7b633adab76a778ccf3e3417e903b35333c528
Author: Andrew Cooper <andrew.coop...@citrix.com>
Date: Tue Aug 29 10:35:31 2017 +0000
x86/mm: Consolidate all Xen L4 slot writing into init_xen_l4_slots()
There are currently three functions which write L4 pagetables for Xen, but
they all behave subtly differently. sh_install_xen_entries_in_l4() in
particular is catering for two different usecases, which makes the safety
of
the linear mappings hard to follow.
By consolidating the L4 pagetable writing in a single function, the resulting
setup of Xen's virtual layout is easier to understand.
No practical changes to the resulting L4, although the logic has been
rearranged to avoid rewriting some slots. This changes the zap_ro_mpt
parameter to simply ro_mpt.
Both {hap,sh}_install_xen_entries_in_l4() get folded into their callers. The
hap side only a single caller, while the shadow side has two. The shadow
split helps highlight the correctness of the linear slots.
Signed-off-by: Andrew Cooper <andrew.coop...@citrix.com>
Reviewed-by: Jan Beulich <jbeul...@suse.com>
Reviewed-by: Wei Liu <wei.l...@citrix.com>
Acked-by: Tim Deegan <t...@xen.org>
Release-acked-by: Julien Grall <julien.g...@linaro.org>
Acked-by: George Dunlap <george.dun...@citrix.com>
commit 5cf67895f8c9fb4adcaab9172b43076599003db4
Author: Andrew Cooper <andrew.coop...@citrix.com>
Date: Tue Aug 29 11:35:31 2017 +0100
x86/mm: Consolidate all Xen L2 slot writing into init_xen_pae_l2_slots()
Having all of this logic together makes it easier to follow Xen's virtual
setup across the whole system.
No functional change.
Signed-off-by: Andrew Cooper <andrew.coop...@citrix.com>
Reviewed-by: Jan Beulich <jbeul...@suse.com>
Reviewed-by: Wei Liu <wei.l...@citrix.com>
Acked-by: Tim Deegan <t...@xen.org>
Release-acked-by: Julien Grall <julien.g...@linaro.org>
Reviewed-by: George Dunlap <george.dun...@citrix.com>
commit 824785e469f47aa9a8a2f4a6f4757dfedd6ec940
Author: Andrew Cooper <andrew.coop...@citrix.com>
Date: Mon Sep 25 11:11:05 2017 +0100
Revert "x86/mm: move PV l4 table setup code" and "x86/mm: factor out
pv_arch_init_memory"
This reverts commit f3b95fd07fdb55b1db091fede1b9a7c71f1eaa1b and
1bd39738a5a34f529a610fb275cc83ee5ac7547a.
The following patches (post XSA-243 fixes) requires init_guest_l4_table()
being common code.
Signed-off-by: Andrew Cooper <andrew.coop...@citrix.com>
Acked-by: Wei Liu <wei.l...@citrix.com>
Acked-by: Jan Beulich <jbeul...@suse.com>
Acked-by: Tim Deegan <t...@xen.org>
Release-acked-by: Julien Grall <julien.g...@linaro.org>
commit 4ed00f57f086c589a95fdd17ace43e02fee2be34
Author: Ian Jackson <ian.jack...@eu.citrix.com>
Date: Tue Oct 17 17:52:02 2017 +0100
tools: libxendevicemodel: Restore symbol versions for 1.0
In 1462f9ea8f4219d520a530787b80c986e050aa98
"tools: libxendevicemodel: Provide xendevicemodel_shutdown"
we added a new version 1.1 to the symbol map and simply abolished
the old one. That is quite wrong.
Instead, we should have left the 1.0 map alone and added a new version
which simply adds the new symbol.
Fix this.
Reported-by: Ross Lagerwall <ross.lagerw...@citrix.com>
CC: Stefano Stabellini <sstabell...@kernel.org>
Signed-off-by: Ian Jackson <ian.jack...@eu.citrix.com>
Reviewed-by: Ross Lagerwall <ross.lagerw...@citrix.com>
Acked-by: Wei Liu <wei.l...@citrix.com>
Reviewed-by: Andrew Cooper <andrew.coop...@citrix.com>
commit c4efa25058d3f45bf725d6ebe6429db9adf94b62
Author: Roger Pau Monné <roger....@citrix.com>
Date: Tue Oct 17 11:23:53 2017 +0100
mm/shadow: fix declaration of fetch_type_names
fetch_type_names usage is guarded by SHADOW_DEBUG_PROPAGATE in
SHADOW_DEBUG, fix the declaration so it's also guarded by
SHADOW_DEBUG_PROPAGATE instead of DEBUG_TRACE_DUMP.
Observed while building with clang and ubsan enabled.
Signed-off-by: Roger Pau Monné <roger....@citrix.com>
Acked-by: Andrew Cooper <andrew.coop...@citrix.com>
Acked-by: Tim Deegan <t...@xen.org>
Release-acked-by: Julien Grall <julien.gr...@linaro.org>
commit 0075bc1f02c389c5bb84cbffdc27dc9b53699bca
Author: Andrew Cooper <andrew.coop...@citrix.com>
Date: Mon Oct 16 13:20:00 2017 +0000
xen/dom0: Fix latent dom0 construction bugs on all architectures
* x86 PV and ARM dom0's must not clear _VPF_down from v->pause_flags until
all state is actually set up. As it currently stands, d0v0 is eligible
for
scheduling before its registers have been set. This is latent as we
also
hold a systemcontroller pause reference at the time which prevents d0
from
being scheduled.
* x86 PVH previously was not setting v->is_initialised for d0v0, despite
setting the vcpu running eventually. Therefore, a later
VCPUOP_initialise
hypercall will modify state under the feet of the running vcpu. This is
latent as PVH dom0 construction don't yet function.
Signed-off-by: Andrew Cooper <andrew.coop...@citrix.com>
Reviewed-by: Jan Beulich <jbeul...@suse.com>
Reviewed-by: Stefano Stabellini <sstabell...@kernel.org>
Reviewed-by: Roger Pau Monné <roger....@citrix.com>
Release-acked-by: Julien Grall <julien.gr...@linaro.org>
(qemu changes not included)
_______________________________________________
Xen-devel mailing list
Xen-devel@lists.xen.org
https://lists.xen.org/xen-devel