flight 122070 ovmf real [real]
http://logs.test-lab.xenproject.org/osstest/logs/122070/

Regressions :-(

Tests which did not succeed and are blocking,
including tests which could not be run:
 build-amd64                   6 xen-build                fail REGR. vs. 121769
 build-amd64-xsm               6 xen-build                fail REGR. vs. 121769
 build-i386                    6 xen-build                fail REGR. vs. 121769
 build-i386-xsm                6 xen-build                fail REGR. vs. 121769

Tests which did not succeed, but are not blocking:
 build-i386-libvirt            1 build-check(1)               blocked  n/a
 build-amd64-libvirt           1 build-check(1)               blocked  n/a
 test-amd64-i386-xl-qemuu-ovmf-amd64  1 build-check(1)              blocked n/a
 test-amd64-amd64-xl-qemuu-ovmf-amd64  1 build-check(1)             blocked n/a

version targeted for testing:
 ovmf                 0c9f2cb10b7ddec56a3440e77219fd3ab1725e5c
baseline version:
 ovmf                 aae02dccf5b0ad07e60d2738f350b3b39df389d7

Last test of basis   121769  2018-04-04 09:47:35 Z    3 days
Testing same since   121901  2018-04-05 15:36:20 Z    2 days    7 attempts

------------------------------------------------------------
People who touched revisions under test:
  Kinney, Michael D <michael.d.kin...@intel.com>
  Laszlo Ersek <ler...@redhat.com>
  Michael D Kinney <michael.d.kin...@intel.com>
  Star Zeng <star.z...@intel.com>

jobs:
 build-amd64-xsm                                              fail    
 build-i386-xsm                                               fail    
 build-amd64                                                  fail    
 build-i386                                                   fail    
 build-amd64-libvirt                                          blocked 
 build-i386-libvirt                                           blocked 
 build-amd64-pvops                                            pass    
 build-i386-pvops                                             pass    
 test-amd64-amd64-xl-qemuu-ovmf-amd64                         blocked 
 test-amd64-i386-xl-qemuu-ovmf-amd64                          blocked 


------------------------------------------------------------
sg-report-flight on osstest.test-lab.xenproject.org
logs: /home/logs/logs
images: /home/logs/images

Logs, config files, etc. are available at
    http://logs.test-lab.xenproject.org/osstest/logs

Explanation of these reports, and of osstest in general, is at
    http://xenbits.xen.org/gitweb/?p=osstest.git;a=blob;f=README.email;hb=master
    http://xenbits.xen.org/gitweb/?p=osstest.git;a=blob;f=README;hb=master

Test harness code can be found at
    http://xenbits.xen.org/gitweb?p=osstest.git;a=summary


Not pushing.

(No revision log; it would be 531 lines long.)

_______________________________________________
Xen-devel mailing list
Xen-devel@lists.xenproject.org
https://lists.xenproject.org/mailman/listinfo/xen-devel

Reply via email to