flight 121998 qemu-mainline real [real]
http://logs.test-lab.xenproject.org/osstest/logs/121998/

Regressions :-(

Tests which did not succeed and are blocking,
including tests which could not be run:
 test-amd64-amd64-qemuu-nested-intel 14 xen-boot/l1       fail REGR. vs. 120095
 test-amd64-amd64-qemuu-nested-amd 14 xen-boot/l1         fail REGR. vs. 120095

Tests which did not succeed, but are not blocking:
 test-armhf-armhf-libvirt-xsm 14 saverestore-support-check    fail  like 120095
 test-amd64-amd64-xl-qemuu-win7-amd64 17 guest-stop            fail like 120095
 test-amd64-i386-xl-qemuu-win7-amd64 17 guest-stop             fail like 120095
 test-armhf-armhf-libvirt-raw 13 saverestore-support-check    fail  like 120095
 test-armhf-armhf-libvirt     14 saverestore-support-check    fail  like 120095
 test-amd64-amd64-xl-qemuu-ws16-amd64 17 guest-stop            fail like 120095
 test-amd64-i386-xl-pvshim    12 guest-start                  fail   never pass
 test-amd64-amd64-xl-pvhv2-intel 12 guest-start                 fail never pass
 test-amd64-amd64-xl-pvhv2-amd 12 guest-start                  fail  never pass
 test-amd64-i386-libvirt      13 migrate-support-check        fail   never pass
 test-amd64-i386-libvirt-xsm  13 migrate-support-check        fail   never pass
 test-amd64-amd64-libvirt-xsm 13 migrate-support-check        fail   never pass
 test-amd64-amd64-libvirt     13 migrate-support-check        fail   never pass
 test-arm64-arm64-xl-credit2  13 migrate-support-check        fail   never pass
 test-arm64-arm64-xl-credit2  14 saverestore-support-check    fail   never pass
 test-arm64-arm64-libvirt-xsm 13 migrate-support-check        fail   never pass
 test-arm64-arm64-libvirt-xsm 14 saverestore-support-check    fail   never pass
 test-arm64-arm64-xl          13 migrate-support-check        fail   never pass
 test-arm64-arm64-xl-xsm      13 migrate-support-check        fail   never pass
 test-arm64-arm64-xl-xsm      14 saverestore-support-check    fail   never pass
 test-arm64-arm64-xl          14 saverestore-support-check    fail   never pass
 test-amd64-amd64-libvirt-qemuu-debianhvm-amd64-xsm 11 migrate-support-check 
fail never pass
 test-amd64-i386-libvirt-qemuu-debianhvm-amd64-xsm 11 migrate-support-check 
fail never pass
 test-amd64-amd64-libvirt-vhd 12 migrate-support-check        fail   never pass
 test-armhf-armhf-xl-rtds     13 migrate-support-check        fail   never pass
 test-armhf-armhf-xl-rtds     14 saverestore-support-check    fail   never pass
 test-armhf-armhf-xl-xsm      13 migrate-support-check        fail   never pass
 test-armhf-armhf-xl-cubietruck 13 migrate-support-check        fail never pass
 test-armhf-armhf-xl-cubietruck 14 saverestore-support-check    fail never pass
 test-armhf-armhf-xl-xsm      14 saverestore-support-check    fail   never pass
 test-armhf-armhf-xl-multivcpu 13 migrate-support-check        fail  never pass
 test-armhf-armhf-xl-multivcpu 14 saverestore-support-check    fail  never pass
 test-armhf-armhf-libvirt-xsm 13 migrate-support-check        fail   never pass
 test-armhf-armhf-xl-credit2  13 migrate-support-check        fail   never pass
 test-armhf-armhf-xl-credit2  14 saverestore-support-check    fail   never pass
 test-armhf-armhf-libvirt-raw 12 migrate-support-check        fail   never pass
 test-armhf-armhf-xl-vhd      12 migrate-support-check        fail   never pass
 test-armhf-armhf-xl-vhd      13 saverestore-support-check    fail   never pass
 test-armhf-armhf-libvirt     13 migrate-support-check        fail   never pass
 test-armhf-armhf-xl          13 migrate-support-check        fail   never pass
 test-armhf-armhf-xl          14 saverestore-support-check    fail   never pass
 test-armhf-armhf-xl-arndale  13 migrate-support-check        fail   never pass
 test-armhf-armhf-xl-arndale  14 saverestore-support-check    fail   never pass
 test-amd64-i386-xl-qemuu-ws16-amd64 17 guest-stop              fail never pass
 test-amd64-i386-xl-qemuu-win10-i386 10 windows-install         fail never pass
 test-amd64-amd64-xl-qemuu-win10-i386 10 windows-install        fail never pass

version targeted for testing:
 qemuu                08e173f29461396575c85510eb41474b993cb1fb
baseline version:
 qemuu                6697439794f72b3501ee16bb95d16854f9981421

Last test of basis   120095  2018-02-28 13:46:33 Z   38 days
Failing since        120146  2018-03-02 10:10:57 Z   36 days   24 attempts
Testing same since   121998  2018-04-07 00:57:17 Z    1 days    1 attempts

------------------------------------------------------------
People who touched revisions under test:
  Alberto Garcia <be...@igalia.com>
  Alex Bennée <alex.ben...@linaro.org>
  Alex Bennée <alex.ben...@linaro.org>
  Alex Williamson <alex.william...@redhat.com>
  Alexey Kardashevskiy <a...@ozlabs.ru>
  Alistair Francis <alistair.fran...@xilinx.com>
  Alistair Francis <alist...@alistair23.me>
  Andrew Jones <drjo...@redhat.com>
  Andrey Smirnov <andrew.smir...@gmail.com>
  Anton Nefedov <anton.nefe...@virtuozzo.com>
  BALATON Zoltan <bala...@eik.bme.hu>
  Bastian Koppelmann <kbast...@mail.uni-paderborn.de>
  Bastian Koppelmann <kbast...@mail.uni-paderborn.de> (tricore)
  Bill Paul <wp...@windriver.com>
  Brijesh Singh <brijesh.si...@amd.com>
  Bruce Rogers <brog...@suse.com>
  Chao Peng <chao.p.p...@linux.intel.com>
  Christian Borntraeger <borntrae...@de.ibm.com>
  Christophe Fergeau <cferg...@redhat.com>
  Claudio Imbrenda <imbre...@linux.vnet.ibm.com>
  Collin L. Walling <wall...@linux.vnet.ibm.com>
  Corey Minyard <cminy...@mvista.com>
  Cornelia Huck <coh...@redhat.com>
  Cédric Le Goater <c...@kaod.org>
  Daire McNamara <daire.mcnam...@emdalo.com>
  Daniel Henrique Barboza <danie...@linux.vnet.ibm.com>
  Daniel P. Berrange <berra...@redhat.com>
  Daniel P. Berrangé <berra...@redhat.com>
  David Brenken <david.bren...@efs-auto.de>
  David Engraf <david.eng...@sysgo.com>
  David Gibson <da...@gibson.dropbear.id.au>
  David Gibson <da...@gibson.dropbear.id.au> (hw/ppc)
  David Gibson <da...@gibson.dropbear.id.au> (ppc)
  David Gibson <da...@gibson.dropbear.id.au> for ppc part
  David Hildenbrand <da...@redhat.com>
  Deepa Srinivasan <deepa.sriniva...@oracle.com>
  Dr. David Alan Gilbert <dgilb...@redhat.com>
  Eduardo Habkost <ehabk...@redhat.com>
  Emilio G. Cota <c...@braap.org>
  Eric Auger <eric.au...@redhat.com>
  Eric Blake <ebl...@redhat.com>
  Fabiano Rosas <faro...@linux.vnet.ibm.com>
  Fam Zheng <f...@redhat.com>
  Florian Artmeier <florian.artme...@efs-auto.de>
  Francisco Iglesias <frasse.igles...@gmail.com>
  François Revol <re...@free.fr>
  Georg Hofstetter <georg.hofstet...@efs-auto.de>
  Gerd Hoffmann <kra...@redhat.com>
  Gonglei <arei.gong...@huawei.com>
  Greg Kurz <gr...@kaod.org>
  Guenter Roeck <li...@roeck-us.net>
  Halil Pasic <pa...@linux.vnet.ibm.com>
  Haozhong Zhang <haozhong.zh...@intel.com>
  Howard Spoelstra <hsp.c...@gmail.com>
  Huaitong Han <huanhuait...@didichuxing.com>
  Ian Jackson <ian.jack...@eu.citrix.com>
  Igor Mammedov <imamm...@redhat.com>
  Ivan Griffin <ivan.grif...@emdalo.com>
  Jack Schwartz <jack.schwa...@oracle.com>
  Jan Kiszka <jan.kis...@siemens.com>
  Janosch Frank <fran...@linux.vnet.ibm.com>
  Jason Baron <jba...@akamai.com>
  Jason Wang <jasow...@redhat.com>
  Jay Zhou <jianjay.z...@huawei.com>
  Jeff Cody <jc...@redhat.com>
  Jia He <hejia...@gmail.com>
  Jia He <jia...@hxt-semitech.com>
  John Snow <js...@redhat.com>
  Julia Suvorova <jus...@mail.ru>
  Julia Suvorova via Qemu-devel <qemu-de...@nongnu.org>
  Justin Terry (VM) <jute...@microsoft.com>
  Justin Terry (VM) via Qemu-devel <qemu-de...@nongnu.org>
  Kashyap Chamarthy <kcham...@redhat.com>
  Kevin Wolf <kw...@redhat.com>
  KONRAD Frederic <frederic.kon...@adacore.com>
  Konrad Rzeszutek Wilk <konrad.w...@oracle.com>
  Laurent Vivier <laur...@vivier.eu>
  Laurent Vivier <lviv...@redhat.com>
  Liang Li <liliang.opensou...@gmail.com>
  Liang Li <liliang...@didichuxing.com>
  Lidong Chen <jemmy858...@gmail.com>
  Lidong Chen <lidongc...@tencent.com>
  Linus Walleij <linus.wall...@linaro.org>
  linzhecheng <linzhech...@huawei.com>
  Liran Alon <liran.a...@oracle.com>
  Longpeng(Mike) <longpe...@huawei.com>
  Luiz Capitulino <lcapitul...@redhat.com>
  Luke Shumaker <luke...@parabola.nu>
  Lukáš Doktor <ldok...@redhat.com>
  Luwei Kang <luwei.k...@intel.com>
  Marc-André Lureau <marcandre.lur...@redhat.com>
  Marcel Apfelbaum <mar...@redhat.com>
  Mark Cave-Ayland <mark.cave-ayl...@ilande.co.uk>
  Markus Armbruster <arm...@redhat.com>
  Matthew Rosato <mjros...@linux.vnet.ibm.com>
  Max Filippov <jcmvb...@gmail.com>
  Max Reitz <mre...@redhat.com>
  Maxime Coquelin <maxime.coque...@redhat.com>
  Michael Clark <m...@sifive.com>
  Michael S. Tsirkin <m...@redhat.com>
  Michal Privoznik <mpriv...@redhat.com>
  Nia Alarie <nia.ala...@gmail.com>
  Nikunj A Dadhania <nik...@linux.vnet.ibm.com>
  Palmer Dabbelt <pal...@sifive.com>
  Paolo Bonzini <pbonz...@redhat.com>
  Pavel Dovgalyuk <pavel.dovga...@ispras.ru>
  Peer Adelt <peer.ad...@hni.uni-paderborn.de>
  Peter Lieven <p...@kamp.de>
  Peter Maydell <peter.mayd...@linaro.org>
  Peter Xu <pet...@redhat.com>
  Philippe Mathieu-Daudé <f4...@amsat.org>
  Pierre Morel <pmo...@linux.vnet.ibm.com>
  R. Nageswara Sastry <nasas...@in.ibm.com>
  Richard Henderson <richard.hender...@linaro.org>
  Richard W.M. Jones <rjo...@redhat.com>
  Ross Lagerwall <ross.lagerw...@citrix.com>
  Sagar Karandikar <sag...@eecs.berkeley.edu>
  Satheesh Rajendran <sathn...@linux.vnet.ibm.com>
  Sergio Lopez <s...@redhat.com>
  Shea Levy <s...@shealevy.com>
  Simon Guo <wei.guo.si...@gmail.com>
  Stef O'Rear <sore...@gmail.com>
  Stefan Berger <stef...@linux.vnet.ibm.com>
  Stefan Hajnoczi <stefa...@redhat.com>
  Stefan O'Rear <sore...@gmail.com>
  Su Hang <suhan...@mails.ucas.ac.cn>
  Suraj Jitindar Singh <sjitindarsi...@gmail.com>
  Thomas Huth <th...@redhat.com>
  Tomáš Golembiovský <tgole...@redhat.com>
  Trent Piepho <tpie...@impinj.com>
  Victor Kamensky <kamen...@cisco.com>
  Viktor Mihajlovski <mihaj...@linux.vnet.ibm.com>
  Vladimir Sementsov-Ogievskiy <vsement...@virtuozzo.com>
  Wang Xin <wangxinxin.w...@huawei.com>
  Wanpeng Li <wanpen...@tencent.com>
  Wei Huang <w...@redhat.com>
  Yasmin Beatriz <yasm...@linux.vnet.ibm.com>
  Yi Min Zhao <zyi...@linux.vnet.ibm.com>
  yuchenlin <yuchen...@synology.com>
  Yuval Shaia <yuval.sh...@oracle.com>
  zhangjixiang <jixiang_zh...@h3c.com>
  zhenwei.pi <zhenwei...@youruncloud.com>

jobs:
 build-amd64-xsm                                              pass    
 build-arm64-xsm                                              pass    
 build-armhf-xsm                                              pass    
 build-i386-xsm                                               pass    
 build-amd64                                                  pass    
 build-arm64                                                  pass    
 build-armhf                                                  pass    
 build-i386                                                   pass    
 build-amd64-libvirt                                          pass    
 build-arm64-libvirt                                          pass    
 build-armhf-libvirt                                          pass    
 build-i386-libvirt                                           pass    
 build-amd64-pvops                                            pass    
 build-arm64-pvops                                            pass    
 build-armhf-pvops                                            pass    
 build-i386-pvops                                             pass    
 test-amd64-amd64-xl                                          pass    
 test-arm64-arm64-xl                                          pass    
 test-armhf-armhf-xl                                          pass    
 test-amd64-i386-xl                                           pass    
 test-amd64-amd64-libvirt-qemuu-debianhvm-amd64-xsm           pass    
 test-amd64-i386-libvirt-qemuu-debianhvm-amd64-xsm            pass    
 test-amd64-amd64-xl-qemuu-debianhvm-amd64-xsm                pass    
 test-amd64-i386-xl-qemuu-debianhvm-amd64-xsm                 pass    
 test-amd64-amd64-libvirt-xsm                                 pass    
 test-arm64-arm64-libvirt-xsm                                 pass    
 test-armhf-armhf-libvirt-xsm                                 pass    
 test-amd64-i386-libvirt-xsm                                  pass    
 test-amd64-amd64-xl-xsm                                      pass    
 test-arm64-arm64-xl-xsm                                      pass    
 test-armhf-armhf-xl-xsm                                      pass    
 test-amd64-i386-xl-xsm                                       pass    
 test-amd64-amd64-qemuu-nested-amd                            fail    
 test-amd64-amd64-xl-pvhv2-amd                                fail    
 test-amd64-i386-qemuu-rhel6hvm-amd                           pass    
 test-amd64-amd64-xl-qemuu-debianhvm-amd64                    pass    
 test-amd64-i386-xl-qemuu-debianhvm-amd64                     pass    
 test-amd64-i386-freebsd10-amd64                              pass    
 test-amd64-amd64-xl-qemuu-ovmf-amd64                         pass    
 test-amd64-i386-xl-qemuu-ovmf-amd64                          pass    
 test-amd64-amd64-xl-qemuu-win7-amd64                         fail    
 test-amd64-i386-xl-qemuu-win7-amd64                          fail    
 test-amd64-amd64-xl-qemuu-ws16-amd64                         fail    
 test-amd64-i386-xl-qemuu-ws16-amd64                          fail    
 test-armhf-armhf-xl-arndale                                  pass    
 test-amd64-amd64-xl-credit2                                  pass    
 test-arm64-arm64-xl-credit2                                  pass    
 test-armhf-armhf-xl-credit2                                  pass    
 test-armhf-armhf-xl-cubietruck                               pass    
 test-amd64-i386-freebsd10-i386                               pass    
 test-amd64-amd64-xl-qemuu-win10-i386                         fail    
 test-amd64-i386-xl-qemuu-win10-i386                          fail    
 test-amd64-amd64-qemuu-nested-intel                          fail    
 test-amd64-amd64-xl-pvhv2-intel                              fail    
 test-amd64-i386-qemuu-rhel6hvm-intel                         pass    
 test-amd64-amd64-libvirt                                     pass    
 test-armhf-armhf-libvirt                                     pass    
 test-amd64-i386-libvirt                                      pass    
 test-amd64-amd64-xl-multivcpu                                pass    
 test-armhf-armhf-xl-multivcpu                                pass    
 test-amd64-amd64-pair                                        pass    
 test-amd64-i386-pair                                         pass    
 test-amd64-amd64-libvirt-pair                                pass    
 test-amd64-i386-libvirt-pair                                 pass    
 test-amd64-amd64-amd64-pvgrub                                pass    
 test-amd64-amd64-i386-pvgrub                                 pass    
 test-amd64-amd64-xl-pvshim                                   pass    
 test-amd64-i386-xl-pvshim                                    fail    
 test-amd64-amd64-pygrub                                      pass    
 test-amd64-amd64-xl-qcow2                                    pass    
 test-armhf-armhf-libvirt-raw                                 pass    
 test-amd64-i386-xl-raw                                       pass    
 test-amd64-amd64-xl-rtds                                     pass    
 test-armhf-armhf-xl-rtds                                     pass    
 test-amd64-amd64-libvirt-vhd                                 pass    
 test-armhf-armhf-xl-vhd                                      pass    


------------------------------------------------------------
sg-report-flight on osstest.test-lab.xenproject.org
logs: /home/logs/logs
images: /home/logs/images

Logs, config files, etc. are available at
    http://logs.test-lab.xenproject.org/osstest/logs

Explanation of these reports, and of osstest in general, is at
    http://xenbits.xen.org/gitweb/?p=osstest.git;a=blob;f=README.email;hb=master
    http://xenbits.xen.org/gitweb/?p=osstest.git;a=blob;f=README;hb=master

Test harness code can be found at
    http://xenbits.xen.org/gitweb?p=osstest.git;a=summary


Not pushing.

(No revision log; it would be 21362 lines long.)

_______________________________________________
Xen-devel mailing list
Xen-devel@lists.xenproject.org
https://lists.xenproject.org/mailman/listinfo/xen-devel

Reply via email to