flight 172074 linux-linus real [real] flight 172083 linux-linus real-retest [real] http://logs.test-lab.xenproject.org/osstest/logs/172074/ http://logs.test-lab.xenproject.org/osstest/logs/172083/
Failures :-/ but no regressions. Tests which are failing intermittently (not blocking): test-armhf-armhf-xl-credit2 8 xen-boot fail pass in 172083-retest Tests which did not succeed, but are not blocking: test-armhf-armhf-xl-credit2 15 migrate-support-check fail in 172083 never pass test-armhf-armhf-xl-credit2 16 saverestore-support-check fail in 172083 never pass test-amd64-amd64-xl-qemut-win7-amd64 19 guest-stop fail like 172066 test-armhf-armhf-libvirt 16 saverestore-support-check fail like 172066 test-amd64-amd64-qemuu-nested-amd 20 debian-hvm-install/l1/l2 fail like 172066 test-amd64-amd64-xl-qemuu-ws16-amd64 19 guest-stop fail like 172066 test-amd64-amd64-xl-qemuu-win7-amd64 19 guest-stop fail like 172066 test-armhf-armhf-libvirt-raw 15 saverestore-support-check fail like 172066 test-armhf-armhf-libvirt-qcow2 15 saverestore-support-check fail like 172066 test-amd64-amd64-xl-qemut-ws16-amd64 19 guest-stop fail like 172066 test-amd64-amd64-libvirt-xsm 15 migrate-support-check fail never pass test-amd64-amd64-libvirt 15 migrate-support-check fail never pass test-arm64-arm64-xl-xsm 15 migrate-support-check fail never pass test-arm64-arm64-xl-xsm 16 saverestore-support-check fail never pass test-arm64-arm64-xl 15 migrate-support-check fail never pass test-arm64-arm64-xl 16 saverestore-support-check fail never pass test-arm64-arm64-xl-credit1 15 migrate-support-check fail never pass test-arm64-arm64-xl-thunderx 15 migrate-support-check fail never pass test-arm64-arm64-xl-thunderx 16 saverestore-support-check fail never pass test-arm64-arm64-xl-credit1 16 saverestore-support-check fail never pass test-arm64-arm64-libvirt-xsm 15 migrate-support-check fail never pass test-arm64-arm64-xl-credit2 15 migrate-support-check fail never pass test-arm64-arm64-libvirt-xsm 16 saverestore-support-check fail never pass test-arm64-arm64-xl-credit2 16 saverestore-support-check fail never pass test-armhf-armhf-xl-arndale 15 migrate-support-check fail never pass test-armhf-armhf-xl-arndale 16 saverestore-support-check fail never pass test-amd64-amd64-libvirt-qemuu-debianhvm-amd64-xsm 13 migrate-support-check fail never pass test-amd64-amd64-libvirt-qcow2 14 migrate-support-check fail never pass test-amd64-amd64-libvirt-raw 14 migrate-support-check fail never pass test-armhf-armhf-xl 15 migrate-support-check fail never pass test-armhf-armhf-xl 16 saverestore-support-check fail never pass test-armhf-armhf-xl-multivcpu 15 migrate-support-check fail never pass test-armhf-armhf-xl-multivcpu 16 saverestore-support-check fail never pass test-armhf-armhf-libvirt 15 migrate-support-check fail never pass test-arm64-arm64-libvirt-raw 14 migrate-support-check fail never pass test-arm64-arm64-libvirt-raw 15 saverestore-support-check fail never pass test-armhf-armhf-xl-credit1 15 migrate-support-check fail never pass test-armhf-armhf-xl-credit1 16 saverestore-support-check fail never pass test-armhf-armhf-xl-cubietruck 15 migrate-support-check fail never pass test-armhf-armhf-xl-cubietruck 16 saverestore-support-check fail never pass test-armhf-armhf-xl-rtds 15 migrate-support-check fail never pass test-armhf-armhf-xl-rtds 16 saverestore-support-check fail never pass test-arm64-arm64-xl-vhd 14 migrate-support-check fail never pass test-arm64-arm64-xl-vhd 15 saverestore-support-check fail never pass test-arm64-arm64-xl-seattle 15 migrate-support-check fail never pass test-arm64-arm64-xl-seattle 16 saverestore-support-check fail never pass test-armhf-armhf-libvirt-raw 14 migrate-support-check fail never pass test-armhf-armhf-xl-vhd 14 migrate-support-check fail never pass test-armhf-armhf-xl-vhd 15 saverestore-support-check fail never pass test-armhf-armhf-libvirt-qcow2 14 migrate-support-check fail never pass version targeted for testing: linux 9de1f9c8ca5100a02a2e271bdbde36202e251b4b baseline version: linux 0fac198def2b41138850867b6aa92044c76ff802 Last test of basis 172066 2022-08-01 16:41:51 Z 0 days Testing same since 172074 2022-08-02 02:01:19 Z 0 days 1 attempts ------------------------------------------------------------ People who touched revisions under test: Alexandre Torgue <[email protected]> Alexandru Elisei <[email protected]> Amadeusz Sławiński <[email protected]> Andre Mueller <[email protected]> Andrew Morton <[email protected]> Andrey Konovalov <[email protected]> Andrey Konovalov <[email protected]> Andy Lutomirski <[email protected]> AngeloGioacchino Del Regno <[email protected]> Anshuman Khandual <[email protected]> Antonio Borneo <[email protected]> Ard Biesheuvel <[email protected]> Barry Song <[email protected]> Bartosz Golaszewski <[email protected]> Ben Dooks <[email protected]> Bjorn Helgaas <[email protected]> # pci_ids.h Borislav Petkov <[email protected]> Catalin Marinas <[email protected]> Chang S. Bae <[email protected]> Chen Jun <[email protected]> Chen Yu <[email protected]> Chen Zhongjin <[email protected]> Chengming Zhou <[email protected]> Christian Göttsche <[email protected]> Christophe JAILLET <[email protected]> Claudiu Beznea <[email protected]> Cruz Zhao <[email protected]> Daniel Lezcano <[email protected]> Dave Hansen <[email protected]> David Chen <[email protected]> David Rientjes <[email protected]> Dietmar Eggemann <[email protected]> Eric Lin <[email protected]> Francis Laniel <[email protected]> Gavin Shan <[email protected]> Geert Uytterhoeven <[email protected]> Geert Uytterhoeven <[email protected]> Guangbin Huang <[email protected]> Guenter Roeck <[email protected]> H. Peter Anvin (Intel) <[email protected]> Haibin Zhang <[email protected]> haibinzhang (张海斌) <[email protected]> Hanjun Guo <[email protected]> hewenliang <[email protected]> Huacai Chen <[email protected]> Hugh Dickins <[email protected]> Hyeonggon Yoo <[email protected]> Ian Rogers <[email protected]> Ingo Molnar <[email protected]> Ira Weiny <[email protected]> James Morse <[email protected]> Jason A. Donenfeld <[email protected]> Jason Wang <[email protected]> Jiang Jian <[email protected]> Jianmin Lv <[email protected]> Jiapeng Chong <[email protected]> Jisheng Zhang <[email protected]> Joey Gouly <[email protected]> Johan Hovold <[email protected]> John Keeping <[email protected]> Jonathan McDowell <[email protected]> Josh Don <[email protected]> Juerg Haefliger <[email protected]> Juerg Haefliger <[email protected]> Julia Lawall <[email protected]> Juri Lelli <[email protected]> K Prateek Nayak <[email protected]> Kan Liang <[email protected]> Kartik <[email protected]> Kefeng Wang <[email protected]> keliu <[email protected]> Kristina Martsenko <[email protected]> Krzysztof Kozlowski <[email protected]> Lad Prabhakar <[email protected]> Laurent Vivier <[email protected]> Li zeming <[email protected]> Liang He <[email protected]> Like Xu <[email protected]> Linus Torvalds <[email protected]> Linus Walleij <[email protected]> Liu Song <[email protected]> Loic Pallardy <[email protected]> Ludovic Barre <[email protected]> Lukas Bulwahn <[email protected]> Lukas Wunner <[email protected]> Lukasz Luba <[email protected]> Madhavan T. Venkataraman <[email protected]> Marc Zyngier <[email protected]> Marco Elver <[email protected]> Mario Limonciello <[email protected]> Mark Brown <[email protected]> Mark Rutland <[email protected]> Masahiro Yamada <[email protected]> Mathieu Desnoyers <[email protected]> Mel Gorman <[email protected]> Michael Jeanson <[email protected]> Michael Walle <[email protected]> Mohini Narkhede <[email protected]> Muchun Song <[email protected]> Nadav Amit <[email protected]> Namhyung Kim <[email protected]> Nathan Chancellor <[email protected]> Nicolas Saenz Julienne <[email protected]> Nikita Shubin <[email protected]> Paolo Bonzini <[email protected]> Paran Lee <[email protected]> Paul Cercueil <[email protected]> Peter Collingbourne <[email protected]> Peter Zijlstra (Intel) <[email protected]> Peter Zijlstra <[email protected]> Rafael J. Wysocki <[email protected]> Randy Dunlap <[email protected]> Ravi Bangoria <[email protected]> Rob Herring <[email protected]> Roman Gushchin <[email protected]> Samuel Holland <[email protected]> Sandipan Das <[email protected]> Schspa Shi <[email protected]> Shakeel Butt <[email protected]> Shreenidhi Shedi <[email protected]> Smita Koralahalli <[email protected]> Stephane Eranian <[email protected]> Stéphane Graber <[email protected]> Szabolcs Nagy <[email protected]> Tanmay Jagdale <[email protected]> Tejun Heo <[email protected]> Thierry Reding <[email protected]> Thomas Gleixner <[email protected]> Tianchen Ding <[email protected]> Tong Tiangen <[email protected]> Tony Lindgren <[email protected]> Uros Bizjak <[email protected]> Vasily Averin <[email protected]> Vincent Donnefort <[email protected]> Vincent Donnefort <[email protected]> Vincent Guittot <[email protected]> Vlastimil Babka <[email protected]> Will Deacon <[email protected]> William Dean <[email protected]> Wolfram Sang <[email protected]> Wyes Karny <[email protected]> Xiang wangx <[email protected]> Xiongwei Song <[email protected]> XU pengfei <[email protected]> Xu Qiang <[email protected]> XueBing Chen <[email protected]> Yajun Deng <[email protected]> Yang Yingliang <[email protected]> Yicong Yang <[email protected]> Zhang Qiao <[email protected]> Zhang Rui <[email protected]> jobs: build-amd64-xsm pass build-arm64-xsm pass build-i386-xsm pass build-amd64 pass build-arm64 pass build-armhf pass build-i386 pass build-amd64-libvirt pass build-arm64-libvirt pass build-armhf-libvirt pass build-i386-libvirt pass build-amd64-pvops pass build-arm64-pvops pass build-armhf-pvops pass build-i386-pvops pass test-amd64-amd64-xl pass test-amd64-coresched-amd64-xl pass test-arm64-arm64-xl pass test-armhf-armhf-xl pass test-amd64-amd64-libvirt-qemuu-debianhvm-amd64-xsm pass test-amd64-amd64-xl-qemut-stubdom-debianhvm-amd64-xsm pass test-amd64-amd64-xl-qemut-debianhvm-i386-xsm pass test-amd64-amd64-xl-qemuu-debianhvm-i386-xsm pass test-amd64-amd64-libvirt-xsm pass test-arm64-arm64-libvirt-xsm pass test-amd64-amd64-xl-xsm pass test-arm64-arm64-xl-xsm pass test-amd64-amd64-qemuu-nested-amd fail test-amd64-amd64-xl-pvhv2-amd pass test-amd64-amd64-dom0pvh-xl-amd pass test-amd64-amd64-xl-qemut-debianhvm-amd64 pass test-amd64-amd64-xl-qemuu-debianhvm-amd64 pass test-amd64-amd64-freebsd11-amd64 pass test-amd64-amd64-freebsd12-amd64 pass test-amd64-amd64-xl-qemuu-ovmf-amd64 pass test-amd64-amd64-xl-qemut-win7-amd64 fail test-amd64-amd64-xl-qemuu-win7-amd64 fail test-amd64-amd64-xl-qemut-ws16-amd64 fail test-amd64-amd64-xl-qemuu-ws16-amd64 fail test-armhf-armhf-xl-arndale pass test-amd64-amd64-examine-bios pass test-amd64-amd64-xl-credit1 pass test-arm64-arm64-xl-credit1 pass test-armhf-armhf-xl-credit1 pass test-amd64-amd64-xl-credit2 pass test-arm64-arm64-xl-credit2 pass test-armhf-armhf-xl-credit2 fail test-armhf-armhf-xl-cubietruck pass test-amd64-amd64-xl-qemuu-dmrestrict-amd64-dmrestrict pass test-amd64-amd64-examine pass test-arm64-arm64-examine pass test-armhf-armhf-examine pass test-amd64-amd64-qemuu-nested-intel pass test-amd64-amd64-xl-pvhv2-intel pass test-amd64-amd64-dom0pvh-xl-intel pass test-amd64-amd64-libvirt pass test-armhf-armhf-libvirt pass test-amd64-amd64-xl-multivcpu pass test-armhf-armhf-xl-multivcpu pass test-amd64-amd64-pair pass test-amd64-amd64-libvirt-pair pass test-amd64-amd64-xl-pvshim pass test-amd64-amd64-pygrub pass test-amd64-amd64-libvirt-qcow2 pass test-armhf-armhf-libvirt-qcow2 pass test-amd64-amd64-libvirt-raw pass test-arm64-arm64-libvirt-raw pass test-armhf-armhf-libvirt-raw pass test-amd64-amd64-xl-rtds pass test-armhf-armhf-xl-rtds pass test-arm64-arm64-xl-seattle pass test-amd64-amd64-xl-qemuu-debianhvm-amd64-shadow pass test-amd64-amd64-xl-shadow pass test-arm64-arm64-xl-thunderx pass test-amd64-amd64-examine-uefi pass test-amd64-amd64-xl-vhd pass test-arm64-arm64-xl-vhd pass test-armhf-armhf-xl-vhd pass ------------------------------------------------------------ sg-report-flight on osstest.test-lab.xenproject.org logs: /home/logs/logs images: /home/logs/images Logs, config files, etc. are available at http://logs.test-lab.xenproject.org/osstest/logs Explanation of these reports, and of osstest in general, is at http://xenbits.xen.org/gitweb/?p=osstest.git;a=blob;f=README.email;hb=master http://xenbits.xen.org/gitweb/?p=osstest.git;a=blob;f=README;hb=master Test harness code can be found at http://xenbits.xen.org/gitweb?p=osstest.git;a=summary Pushing revision : hint: The 'hooks/update' hook was ignored because it's not set as executable. hint: You can disable this warning with `git config advice.ignoredHook false`. hint: The 'hooks/post-receive' hook was ignored because it's not set as executable. hint: You can disable this warning with `git config advice.ignoredHook false`. hint: The 'hooks/post-update' hook was ignored because it's not set as executable. hint: You can disable this warning with `git config advice.ignoredHook false`. To xenbits.xen.org:/home/xen/git/linux-pvops.git 0fac198def2b..9de1f9c8ca51 9de1f9c8ca5100a02a2e271bdbde36202e251b4b -> tested/linux-linus
