flight 172082 xen-unstable-smoke real [real]
http://logs.test-lab.xenproject.org/osstest/logs/172082/

Failures :-/ but no regressions.

Tests which did not succeed, but are not blocking:
 test-amd64-amd64-libvirt      1 build-check(1)               blocked  n/a
 build-amd64-libvirt           6 libvirt-build                fail  like 171903
 test-arm64-arm64-xl-xsm      15 migrate-support-check        fail   never pass
 test-arm64-arm64-xl-xsm      16 saverestore-support-check    fail   never pass
 test-armhf-armhf-xl          15 migrate-support-check        fail   never pass
 test-armhf-armhf-xl          16 saverestore-support-check    fail   never pass

version targeted for testing:
 xen                  4d96a4fe2ac08cc93f2e7eca56120792363cb950
baseline version:
 xen                  ca45d3cb4586372909f350e54482246f994e1bc7

Last test of basis   171903  2022-07-28 23:00:32 Z    4 days
Failing since        171911  2022-07-29 02:00:25 Z    4 days   30 attempts
Testing same since   172075  2022-08-02 03:02:01 Z    0 days    4 attempts

------------------------------------------------------------
People who touched revisions under test:
  Andrew Cooper <[email protected]>
  Daniel P. Smith <[email protected]>
  Jan Beulich <[email protected]>
  Julien Grall <[email protected]>
  Luca Fancellu <[email protected]>
  Stefano Stabellini <[email protected]>
  Xenia Ragiadakou <[email protected]>

jobs:
 build-arm64-xsm                                              pass    
 build-amd64                                                  pass    
 build-armhf                                                  pass    
 build-amd64-libvirt                                          fail    
 test-armhf-armhf-xl                                          pass    
 test-arm64-arm64-xl-xsm                                      pass    
 test-amd64-amd64-xl-qemuu-debianhvm-amd64                    pass    
 test-amd64-amd64-libvirt                                     blocked 


------------------------------------------------------------
sg-report-flight on osstest.test-lab.xenproject.org
logs: /home/logs/logs
images: /home/logs/images

Logs, config files, etc. are available at
    http://logs.test-lab.xenproject.org/osstest/logs

Explanation of these reports, and of osstest in general, is at
    http://xenbits.xen.org/gitweb/?p=osstest.git;a=blob;f=README.email;hb=master
    http://xenbits.xen.org/gitweb/?p=osstest.git;a=blob;f=README;hb=master

Test harness code can be found at
    http://xenbits.xen.org/gitweb?p=osstest.git;a=summary


Pushing revision :

To xenbits.xen.org:/home/xen/git/xen.git
   ca45d3cb45..4d96a4fe2a  4d96a4fe2ac08cc93f2e7eca56120792363cb950 -> smoke

Reply via email to