flight 123150 linux-4.9 real [real]
http://logs.test-lab.xenproject.org/osstest/logs/123150/

Regressions :-(

Tests which did not succeed and are blocking,
including tests which could not be run:
 build-armhf                     <job status>                 broken
 test-amd64-amd64-xl-pvhv2-amd  7 xen-boot                fail REGR. vs. 122969
 test-amd64-amd64-xl-qcow2     7 xen-boot                 fail REGR. vs. 122969
 test-amd64-amd64-pygrub       7 xen-boot                 fail REGR. vs. 122969
 test-amd64-amd64-xl-xsm       7 xen-boot                 fail REGR. vs. 122969
 test-amd64-amd64-qemuu-nested-amd  7 xen-boot            fail REGR. vs. 122969
 test-amd64-amd64-xl           7 xen-boot                 fail REGR. vs. 122969
 test-amd64-amd64-xl-qemuu-debianhvm-amd64-xsm 7 xen-boot fail REGR. vs. 122969
 test-amd64-amd64-xl-multivcpu  7 xen-boot                fail REGR. vs. 122969
 test-amd64-amd64-libvirt-qemuu-debianhvm-amd64-xsm 7 xen-boot fail REGR. vs. 
122969
 build-armhf                   5 host-build-prep          fail REGR. vs. 122969

Regressions which are regarded as allowable (not blocking):
 test-amd64-amd64-xl-rtds      7 xen-boot                 fail REGR. vs. 122969

Tests which did not succeed, but are not blocking:
 test-armhf-armhf-libvirt-xsm  1 build-check(1)               blocked  n/a
 test-armhf-armhf-xl-vhd       1 build-check(1)               blocked  n/a
 test-armhf-armhf-xl           1 build-check(1)               blocked  n/a
 build-armhf-libvirt           1 build-check(1)               blocked  n/a
 test-armhf-armhf-xl-multivcpu  1 build-check(1)               blocked  n/a
 test-armhf-armhf-xl-credit2   1 build-check(1)               blocked  n/a
 test-armhf-armhf-examine      1 build-check(1)               blocked  n/a
 test-armhf-armhf-xl-rtds      1 build-check(1)               blocked  n/a
 test-armhf-armhf-libvirt      1 build-check(1)               blocked  n/a
 test-armhf-armhf-xl-arndale   1 build-check(1)               blocked  n/a
 test-armhf-armhf-xl-cubietruck  1 build-check(1)               blocked  n/a
 test-armhf-armhf-libvirt-raw  1 build-check(1)               blocked  n/a
 test-amd64-amd64-xl-qemut-win7-amd64 17 guest-stop            fail like 122969
 test-amd64-i386-xl-qemut-win7-amd64 17 guest-stop             fail like 122969
 test-amd64-amd64-xl-qemuu-win7-amd64 17 guest-stop            fail like 122969
 test-amd64-i386-xl-qemuu-win7-amd64 17 guest-stop             fail like 122969
 test-amd64-amd64-xl-qemuu-ws16-amd64 17 guest-stop            fail like 122969
 test-amd64-amd64-xl-pvhv2-intel 12 guest-start                 fail never pass
 test-amd64-i386-xl-pvshim    12 guest-start                  fail   never pass
 test-amd64-amd64-libvirt-xsm 13 migrate-support-check        fail   never pass
 test-amd64-i386-libvirt-xsm  13 migrate-support-check        fail   never pass
 test-amd64-amd64-libvirt     13 migrate-support-check        fail   never pass
 test-amd64-i386-libvirt      13 migrate-support-check        fail   never pass
 test-arm64-arm64-xl-xsm      13 migrate-support-check        fail   never pass
 test-arm64-arm64-libvirt-xsm 13 migrate-support-check        fail   never pass
 test-arm64-arm64-xl-xsm      14 saverestore-support-check    fail   never pass
 test-arm64-arm64-libvirt-xsm 14 saverestore-support-check    fail   never pass
 test-arm64-arm64-xl-credit2  13 migrate-support-check        fail   never pass
 test-arm64-arm64-xl-credit2  14 saverestore-support-check    fail   never pass
 test-arm64-arm64-xl          13 migrate-support-check        fail   never pass
 test-arm64-arm64-xl          14 saverestore-support-check    fail   never pass
 test-amd64-i386-libvirt-qemuu-debianhvm-amd64-xsm 11 migrate-support-check 
fail never pass
 test-amd64-amd64-libvirt-vhd 12 migrate-support-check        fail   never pass
 test-armhf-armhf-xl-xsm      13 migrate-support-check        fail   never pass
 test-armhf-armhf-xl-xsm      14 saverestore-support-check    fail   never pass
 test-amd64-amd64-xl-qemut-ws16-amd64 17 guest-stop             fail never pass
 test-amd64-i386-xl-qemut-ws16-amd64 17 guest-stop              fail never pass
 test-amd64-i386-xl-qemuu-ws16-amd64 17 guest-stop              fail never pass
 test-amd64-amd64-xl-qemuu-win10-i386 10 windows-install        fail never pass
 test-amd64-amd64-xl-qemut-win10-i386 10 windows-install        fail never pass
 test-amd64-i386-xl-qemuu-win10-i386 10 windows-install         fail never pass
 test-amd64-i386-xl-qemut-win10-i386 10 windows-install         fail never pass

version targeted for testing:
 linux                2272cdd5d5bf42e3721430ae6076656a42043c34
baseline version:
 linux                6ba89b52ba6916bc7a3d390d70951e992c0ca39e

Last test of basis   122969  2018-05-19 16:39:59 Z    6 days
Testing same since   123074  2018-05-22 17:10:08 Z    3 days    2 attempts

------------------------------------------------------------
People who touched revisions under test:
  Alexander Monakov <[email protected]>
  Anand Jain <[email protected]>
  Andre Przywara <[email protected]>
  Andrew Morton <[email protected]>
  Andy Shevchenko <[email protected]>
  Ard Biesheuvel <[email protected]>
  Ben Gardner <[email protected]>
  Benjamin Herrenschmidt <[email protected]>
  Borislav Petkov <[email protected]>
  Christoffer Dall <[email protected]>
  Dave Hansen <[email protected]>
  David Sterba <[email protected]>
  David Woodhouse <[email protected]>
  Dexuan Cui <[email protected]>
  Federico Cuello <[email protected]>
  Filipe Manana <[email protected]>
  Florian Westphal <[email protected]>
  Greg Kroah-Hartman <[email protected]>
  Hans de Goede <[email protected]>
  Hendrik Brueckner <[email protected]>
  Ingo Molnar <[email protected]>
  Jarkko Nikula <[email protected]>
  Jim Mattson <[email protected]>
  Jiri Kosina <[email protected]>
  Juergen Gross <[email protected]>
  Julian Wiedmann <[email protected]>
  Jörg Otte <[email protected]>
  Kamal Dasu <[email protected]>
  Kees Cook <[email protected]>
  Konrad Rzeszutek Wilk <[email protected]>
  Kyle Huey <[email protected]>
  Kyle Huey <[email protected]>
  Linus Torvalds <[email protected]>
  Liu Bo <[email protected]>
  Mark Brown <[email protected]>
  Martin Schwidefsky <[email protected]>
  Masami Hiramatsu <[email protected]>
  Mel Gorman <[email protected]>
  Michael Ellerman <[email protected]>
  Michal Hocko <[email protected]>
  Michal Suchanek <[email protected]>
  Nicholas Piggin <[email protected]>
  Nikolay Borisov <[email protected]>
  Oleg Nesterov <[email protected]>
  Pablo Neira Ayuso <[email protected]>
  Paolo Bonzini <[email protected]>
  Pavel Tatashin <[email protected]>
  Russell King <[email protected]>
  Shuah Khan (Samsung OSG) <[email protected]>
  Shuah Khan <[email protected]>
  Steven Rostedt (VMware) <[email protected]>
  Takashi Iwai <[email protected]>
  Thomas Gleixner <[email protected]>
  Tom Lendacky <[email protected]>
  Waiman Long <[email protected]>
  Wenwen Wang <[email protected]>
  Wolfram Sang <[email protected]>

jobs:
 build-amd64-xsm                                              pass    
 build-arm64-xsm                                              pass    
 build-armhf-xsm                                              pass    
 build-i386-xsm                                               pass    
 build-amd64                                                  pass    
 build-arm64                                                  pass    
 build-armhf                                                  broken  
 build-i386                                                   pass    
 build-amd64-libvirt                                          pass    
 build-arm64-libvirt                                          pass    
 build-armhf-libvirt                                          blocked 
 build-i386-libvirt                                           pass    
 build-amd64-pvops                                            pass    
 build-arm64-pvops                                            pass    
 build-armhf-pvops                                            pass    
 build-i386-pvops                                             pass    
 build-amd64-rumprun                                          pass    
 build-i386-rumprun                                           pass    
 test-amd64-amd64-xl                                          fail    
 test-arm64-arm64-xl                                          pass    
 test-armhf-armhf-xl                                          blocked 
 test-amd64-i386-xl                                           pass    
 test-amd64-amd64-xl-qemut-debianhvm-amd64-xsm                pass    
 test-amd64-i386-xl-qemut-debianhvm-amd64-xsm                 pass    
 test-amd64-amd64-libvirt-qemuu-debianhvm-amd64-xsm           fail    
 test-amd64-i386-libvirt-qemuu-debianhvm-amd64-xsm            pass    
 test-amd64-amd64-xl-qemuu-debianhvm-amd64-xsm                fail    
 test-amd64-i386-xl-qemuu-debianhvm-amd64-xsm                 pass    
 test-amd64-amd64-xl-qemut-stubdom-debianhvm-amd64-xsm        pass    
 test-amd64-i386-xl-qemut-stubdom-debianhvm-amd64-xsm         pass    
 test-amd64-amd64-libvirt-xsm                                 pass    
 test-arm64-arm64-libvirt-xsm                                 pass    
 test-armhf-armhf-libvirt-xsm                                 blocked 
 test-amd64-i386-libvirt-xsm                                  pass    
 test-amd64-amd64-xl-xsm                                      fail    
 test-arm64-arm64-xl-xsm                                      pass    
 test-armhf-armhf-xl-xsm                                      pass    
 test-amd64-i386-xl-xsm                                       pass    
 test-amd64-amd64-qemuu-nested-amd                            fail    
 test-amd64-amd64-xl-pvhv2-amd                                fail    
 test-amd64-i386-qemut-rhel6hvm-amd                           pass    
 test-amd64-i386-qemuu-rhel6hvm-amd                           pass    
 test-amd64-amd64-xl-qemut-debianhvm-amd64                    pass    
 test-amd64-i386-xl-qemut-debianhvm-amd64                     pass    
 test-amd64-amd64-xl-qemuu-debianhvm-amd64                    pass    
 test-amd64-i386-xl-qemuu-debianhvm-amd64                     pass    
 test-amd64-i386-freebsd10-amd64                              pass    
 test-amd64-amd64-xl-qemuu-ovmf-amd64                         pass    
 test-amd64-i386-xl-qemuu-ovmf-amd64                          pass    
 test-amd64-amd64-rumprun-amd64                               pass    
 test-amd64-amd64-xl-qemut-win7-amd64                         fail    
 test-amd64-i386-xl-qemut-win7-amd64                          fail    
 test-amd64-amd64-xl-qemuu-win7-amd64                         fail    
 test-amd64-i386-xl-qemuu-win7-amd64                          fail    
 test-amd64-amd64-xl-qemut-ws16-amd64                         fail    
 test-amd64-i386-xl-qemut-ws16-amd64                          fail    
 test-amd64-amd64-xl-qemuu-ws16-amd64                         fail    
 test-amd64-i386-xl-qemuu-ws16-amd64                          fail    
 test-armhf-armhf-xl-arndale                                  blocked 
 test-amd64-amd64-xl-credit2                                  pass    
 test-arm64-arm64-xl-credit2                                  pass    
 test-armhf-armhf-xl-credit2                                  blocked 
 test-armhf-armhf-xl-cubietruck                               blocked 
 test-amd64-amd64-examine                                     pass    
 test-arm64-arm64-examine                                     pass    
 test-armhf-armhf-examine                                     blocked 
 test-amd64-i386-examine                                      pass    
 test-amd64-i386-freebsd10-i386                               pass    
 test-amd64-i386-rumprun-i386                                 pass    
 test-amd64-amd64-xl-qemut-win10-i386                         fail    
 test-amd64-i386-xl-qemut-win10-i386                          fail    
 test-amd64-amd64-xl-qemuu-win10-i386                         fail    
 test-amd64-i386-xl-qemuu-win10-i386                          fail    
 test-amd64-amd64-qemuu-nested-intel                          pass    
 test-amd64-amd64-xl-pvhv2-intel                              fail    
 test-amd64-i386-qemut-rhel6hvm-intel                         pass    
 test-amd64-i386-qemuu-rhel6hvm-intel                         pass    
 test-amd64-amd64-libvirt                                     pass    
 test-armhf-armhf-libvirt                                     blocked 
 test-amd64-i386-libvirt                                      pass    
 test-amd64-amd64-xl-multivcpu                                fail    
 test-armhf-armhf-xl-multivcpu                                blocked 
 test-amd64-amd64-pair                                        pass    
 test-amd64-i386-pair                                         pass    
 test-amd64-amd64-libvirt-pair                                pass    
 test-amd64-i386-libvirt-pair                                 pass    
 test-amd64-amd64-amd64-pvgrub                                pass    
 test-amd64-amd64-i386-pvgrub                                 pass    
 test-amd64-amd64-xl-pvshim                                   pass    
 test-amd64-i386-xl-pvshim                                    fail    
 test-amd64-amd64-pygrub                                      fail    
 test-amd64-amd64-xl-qcow2                                    fail    
 test-armhf-armhf-libvirt-raw                                 blocked 
 test-amd64-i386-xl-raw                                       pass    
 test-amd64-amd64-xl-rtds                                     fail    
 test-armhf-armhf-xl-rtds                                     blocked 
 test-amd64-amd64-xl-qemuu-debianhvm-amd64-shadow             pass    
 test-amd64-i386-xl-qemuu-debianhvm-amd64-shadow              pass    
 test-amd64-amd64-xl-shadow                                   pass    
 test-amd64-i386-xl-shadow                                    pass    
 test-amd64-amd64-libvirt-vhd                                 pass    
 test-armhf-armhf-xl-vhd                                      blocked 


------------------------------------------------------------
sg-report-flight on osstest.test-lab.xenproject.org
logs: /home/logs/logs
images: /home/logs/images

Logs, config files, etc. are available at
    http://logs.test-lab.xenproject.org/osstest/logs

Explanation of these reports, and of osstest in general, is at
    http://xenbits.xen.org/gitweb/?p=osstest.git;a=blob;f=README.email;hb=master
    http://xenbits.xen.org/gitweb/?p=osstest.git;a=blob;f=README;hb=master

Test harness code can be found at
    http://xenbits.xen.org/gitweb?p=osstest.git;a=summary

broken-job build-armhf broken

Not pushing.

(No revision log; it would be 2313 lines long.)

_______________________________________________
Xen-devel mailing list
[email protected]
https://lists.xenproject.org/mailman/listinfo/xen-devel

Reply via email to