flight 184831 linux-6.1 real [real]
flight 184840 linux-6.1 real-retest [real]
http://logs.test-lab.xenproject.org/osstest/logs/184831/
http://logs.test-lab.xenproject.org/osstest/logs/184840/

Regressions :-(

Tests which did not succeed and are blocking,
including tests which could not be run:
 test-amd64-amd64-libvirt-xsm  8 xen-boot                 fail REGR. vs. 184734
 test-amd64-amd64-xl-qemut-debianhvm-amd64  8 xen-boot    fail REGR. vs. 184734
 test-amd64-amd64-xl-credit2   8 xen-boot                 fail REGR. vs. 184734
 test-amd64-coresched-amd64-xl  8 xen-boot                fail REGR. vs. 184734

Tests which did not succeed, but are not blocking:
 test-armhf-armhf-libvirt     16 saverestore-support-check    fail  like 184734
 test-amd64-amd64-xl-qemut-win7-amd64 19 guest-stop            fail like 184734
 test-amd64-amd64-xl-qemuu-win7-amd64 19 guest-stop            fail like 184734
 test-armhf-armhf-libvirt-qcow2 15 saverestore-support-check   fail like 184734
 test-armhf-armhf-libvirt-raw 15 saverestore-support-check    fail  like 184734
 test-amd64-amd64-xl-qemut-ws16-amd64 19 guest-stop            fail like 184734
 test-amd64-amd64-xl-qemuu-ws16-amd64 19 guest-stop            fail like 184734
 test-amd64-amd64-qemuu-nested-amd 20 debian-hvm-install/l1/l2 fail like 184734
 test-amd64-amd64-libvirt     15 migrate-support-check        fail   never pass
 test-amd64-amd64-libvirt-qemuu-debianhvm-amd64-xsm 13 migrate-support-check 
fail never pass
 test-amd64-amd64-libvirt-qcow2 14 migrate-support-check        fail never pass
 test-arm64-arm64-libvirt-xsm 15 migrate-support-check        fail   never pass
 test-arm64-arm64-libvirt-xsm 16 saverestore-support-check    fail   never pass
 test-arm64-arm64-xl-xsm      15 migrate-support-check        fail   never pass
 test-arm64-arm64-xl-xsm      16 saverestore-support-check    fail   never pass
 test-arm64-arm64-xl          15 migrate-support-check        fail   never pass
 test-arm64-arm64-xl          16 saverestore-support-check    fail   never pass
 test-arm64-arm64-xl-thunderx 15 migrate-support-check        fail   never pass
 test-arm64-arm64-xl-thunderx 16 saverestore-support-check    fail   never pass
 test-arm64-arm64-xl-credit1  15 migrate-support-check        fail   never pass
 test-arm64-arm64-xl-credit1  16 saverestore-support-check    fail   never pass
 test-arm64-arm64-xl-credit2  15 migrate-support-check        fail   never pass
 test-arm64-arm64-xl-credit2  16 saverestore-support-check    fail   never pass
 test-armhf-armhf-xl-arndale  15 migrate-support-check        fail   never pass
 test-armhf-armhf-xl-arndale  16 saverestore-support-check    fail   never pass
 test-armhf-armhf-xl-credit2  15 migrate-support-check        fail   never pass
 test-armhf-armhf-xl-credit2  16 saverestore-support-check    fail   never pass
 test-armhf-armhf-xl-rtds     15 migrate-support-check        fail   never pass
 test-armhf-armhf-xl-rtds     16 saverestore-support-check    fail   never pass
 test-armhf-armhf-xl          15 migrate-support-check        fail   never pass
 test-armhf-armhf-xl          16 saverestore-support-check    fail   never pass
 test-armhf-armhf-xl-multivcpu 15 migrate-support-check        fail  never pass
 test-armhf-armhf-xl-multivcpu 16 saverestore-support-check    fail  never pass
 test-armhf-armhf-libvirt     15 migrate-support-check        fail   never pass
 test-amd64-amd64-libvirt-raw 14 migrate-support-check        fail   never pass
 test-arm64-arm64-libvirt-raw 14 migrate-support-check        fail   never pass
 test-arm64-arm64-libvirt-raw 15 saverestore-support-check    fail   never pass
 test-arm64-arm64-xl-vhd      14 migrate-support-check        fail   never pass
 test-arm64-arm64-xl-vhd      15 saverestore-support-check    fail   never pass
 test-armhf-armhf-libvirt-qcow2 14 migrate-support-check        fail never pass
 test-armhf-armhf-libvirt-raw 14 migrate-support-check        fail   never pass
 test-armhf-armhf-xl-vhd      14 migrate-support-check        fail   never pass
 test-armhf-armhf-xl-vhd      15 saverestore-support-check    fail   never pass
 test-armhf-armhf-xl-credit1  15 migrate-support-check        fail   never pass
 test-armhf-armhf-xl-credit1  16 saverestore-support-check    fail   never pass

version targeted for testing:
 linux                a3eb3a74aa8c94e6c8130b55f3b031f29162868c
baseline version:
 linux                81e1dc2f70014b9523dd02ca763788e4f81e5bac

Last test of basis   184734  2024-02-23 08:41:05 Z    7 days
Testing same since   184831  2024-03-01 12:45:09 Z    0 days    1 attempts

------------------------------------------------------------
People who touched revisions under test:
  "Christian A. Ehrhardt" <[email protected]>
  Adam Goldman <[email protected]>
  Alex Deucher <[email protected]>
  Alexander Kobel <[email protected]>
  Alexander Sverdlin <[email protected]>
  Alexander Tsoy <[email protected]>
  Alison Schofield <[email protected]>
  Allen Pais <[email protected]>
  Andi Shyti <[email protected]>
  Andrew Bresticker <[email protected]>
  Andrew Manley <[email protected]>
  Andrew Morton <[email protected]>
  Ard Biesheuvel <[email protected]>
  Armin Wolf <[email protected]>
  Arnd Bergmann <[email protected]>
  Aurabindo Pillai <[email protected]>
  Avihai Horon <[email protected]>
  Baokun Li <[email protected]>
  Bart Van Assche <[email protected]>
  Bjorn Helgaas <[email protected]>
  Borislav Petkov (AMD) <[email protected]>
  Brenton Simpson <[email protected]>
  Chen-Yu Tsai <[email protected]>
  Chris Li <[email protected]>
  Christian A. Ehrhardt <[email protected]>
  Christian Brauner <[email protected]>
  Colin Ian King <[email protected]>
  Conor Dooley <[email protected]>
  Conrad Kostecki <[email protected]>
  Corey Minyard <[email protected]>
  Cyril Hrubis <[email protected]>
  Damien Le Moal <[email protected]>
  Dan Carpenter <[email protected]>
  Dan Williams <[email protected]>
  Daniel Borkmann <[email protected]>
  Daniel Vacek <[email protected]>
  Daniel Wagner <[email protected]>
  Daniel Wheeler <[email protected]>
  Daniil Dulov <[email protected]>
  Danilo Krummrich <[email protected]>
  Dave Hansen <[email protected]>
  David Hildenbrand <[email protected]>
  David Howells <[email protected]>
  David S. Miller <[email protected]>
  Dennis Dalessandro <[email protected]>
  Devyn Liu <[email protected]>
  Dmitry Bogdanov <[email protected]>
  Dmitry Torokhov <[email protected]>
  Don Brace <[email protected]>
  Edward Adam Davis <[email protected]>
  Edward Lo <[email protected]>
  Eric Dumazet <[email protected]>
  Erik Kurzinger <[email protected]>
  Eugen Hristev <[email protected]>
  Felix Fietkau <[email protected]>
  Florian Fainelli <[email protected]>
  Florian Westphal <[email protected]>
  Frank Li <[email protected]>
  Fullway Wang <[email protected]>
  Gao Xiang <[email protected]>
  Geert Uytterhoeven <[email protected]>
  Geliang Tang <[email protected]>
  Geliang Tang <[email protected]>
  Gianmarco Lusvardi <[email protected]>
  Greg Kroah-Hartman <[email protected]>
  Guenter Roeck <[email protected]>
  Guixin Liu <[email protected]>
  Hannes Reinecke <[email protected]>
  Hans de Goede <[email protected]>
  Hector Martin <[email protected]>
  Heikki Krogerus <[email protected]>
  Heiko Carstens <[email protected]>
  Heiko Stuebner <[email protected]>
  Heiko Stuebner <[email protected]>
  Helge Deller <[email protected]>
  Herbert Xu <[email protected]>
  Horatiu Vultur <[email protected]>
  Hou Tao <[email protected]>
  Huacai Chen <[email protected]>
  Huang Pei <[email protected]>
  Ingo Molnar <[email protected]>
  Ism Hong <[email protected]>
  Jakub Kicinski <[email protected]>
  Jamal Hadi Salim <[email protected]>
  Jan Kiszka <[email protected]>
  Jason Gunthorpe <[email protected]>
  Jason Wang <[email protected]>
  Jens Axboe <[email protected]>
  Jeremy Kerr <[email protected]>
  Jiri Pirko <[email protected]>
  Joao Martins <[email protected]>
  Johannes Berg <[email protected]>
  Johannes Weiner <[email protected]>
  John Fastabend <[email protected]>
  Jon Hunter <[email protected]>
  Julian Sikorski <[email protected]>
  Justin Iurman <[email protected]>
  Kairui Song <[email protected]>
  Kalesh AP <[email protected]>
  Kamal Heib <[email protected]>
  Kees Cook <[email protected]>
  Keith Busch <[email protected]>
  Kelsey Steele <[email protected]>
  kernelci.org bot <[email protected]>
  Konstantin Komarov <[email protected]>
  Krishna Kurapati <[email protected]>
  Kuniyuki Iwashima <[email protected]>
  Kunwu Chan <[email protected]>
  Lennert Buytenhek <[email protected]>
  Leon Romanovsky <[email protected]>
  Lino Sanfilippo <[email protected]>
  Linux Kernel Functional Testing <[email protected]>
  Maarten van der Schrieck
  Maksim Kiselev <[email protected]>
  Marc Zyngier <[email protected]>
  Marek Szyprowski <[email protected]>
  Mario Limonciello <[email protected]>
  Mark Brown <[email protected]>
  Martin Blumenstingl <[email protected]>
  Martin K. Petersen <[email protected]>
  Martin KaFai Lau <[email protected]>
  Martin Povišer <[email protected]>
  Masahiro Yamada <[email protected]>
  Mat Martineau <[email protected]>
  Mats Kronberg <[email protected]>
  Matthieu Baerts (NGI0) <[email protected]>
  Matthieu Baerts <[email protected]>
  Mel Gorman <[email protected]>
  Michael S. Tsirkin <[email protected]>
  Michal Hocko <[email protected]>
  Michal Kazior <[email protected]>
  Mike Marciniszyn <[email protected]>
  Mike Rapoport (IBM) <[email protected]>
  Mike Snitzer <[email protected]>
  Mikulas Patocka <[email protected]>
  Mustafa Ismail <[email protected]>
  Nam Cao <[email protected]>
  Naohiro Aota <[email protected]>
  Nathan Chancellor <[email protected]> # build
  Nicolas Dichtel <[email protected]>
  Nikita Shubin <[email protected]>
  Niklas Cassel <[email protected]>
  Niklas Schnelle <[email protected]>
  Oliver Upton <[email protected]>
  Pablo Neira Ayuso <[email protected]>
  Paolo Abeni <[email protected]>
  Paulo Alcantara <[email protected]>
  Pavel Machek (CIP) <[email protected]>
  Pavel Sakharov <[email protected]>
  Pawel Laszczak <[email protected]>
  Peter Chen <[email protected]>
  Peter Oberparleiter <[email protected]>
  Peter Zijlstra (Intel) <[email protected]>
  Peter Zijlstra <[email protected]>
  Petr Vorel <[email protected]>
  Phoenix Chen <[email protected]>
  Prike Liang <[email protected]>
  Radhey Shyam Pandey <[email protected]>
  Randy Dunlap <[email protected]>
  Richard Fitzgerald <[email protected]>
  Robert Richter <[email protected]>
  Ron Economos <[email protected]>
  Rémi Denis-Courmont <[email protected]>
  Sabrina Dubroca <[email protected]>
  Salvatore Bonaccorso <[email protected]>
  Sandeep Dhavale <[email protected]>
  Sasha Levin <[email protected]>
  Selvin Xavier <[email protected]>
  SEO HOYOUNG <[email protected]>
  SeongJae Park <[email protected]>
  Shakeel Butt <[email protected]>
  Shanker Donthineni <[email protected]>
  Shigeru Yoshida <[email protected]>
  Shiraz Saleem <[email protected]>
  Shuah Khan <[email protected]>
  Shyam Prasad N <[email protected]>
  Siddharth Vadapalli <[email protected]>
  Simon Ser <[email protected]>
  Sindhu Devale <[email protected]>
  Sindhu Devale <[email protected]>
  Sohaib Nadeem <[email protected]>
  Song Liu <[email protected]>
  Steve French <[email protected]>
  Subbaraya Sundeep <[email protected]>
  [email protected]
  Szilard Fabian <[email protected]>
  Szuying Chen <[email protected]>
  Szuying Chen <[email protected]>
  Takashi Iwai <[email protected]>
  Takashi Sakamoto <[email protected]>
  Theodore Ts'o <[email protected]>
  Thinh Nguyen <[email protected]>
  Thomas Bogendoerfer <[email protected]>
  Thomas Gleixner <[email protected]>
  Thomas Hellström <[email protected]>
  Thorsten Winkler <[email protected]>
  Tobias Waldekranz <[email protected]>
  Tom Chung <[email protected]>
  Tom Parkin <[email protected]>
  Ulf Hansson <[email protected]>
  Vasiliy Kovalev <[email protected]>
  Vidya Sagar <[email protected]>
  Vinod Koul <[email protected]>
  Will Deacon <[email protected]>
  Wolfram Sang <[email protected]>
  Xin Long <[email protected]>
  Xu Yang <[email protected]>
  Yann Sionneau <[email protected]>
  Yi Sun <[email protected]>
  Yogesh Chandra Pandey <[email protected]>
  Yosry Ahmed <[email protected]>
  Yu Kuai <[email protected]>
  Yu Zhao <[email protected]>
  Yue Hu <[email protected]>
  Zhang Rui <[email protected]>
  Zhang Yi <[email protected]>
  zhenwei pi <[email protected]>
  Zhipeng Lu <[email protected]>

jobs:
 build-amd64-xsm                                              pass    
 build-arm64-xsm                                              pass    
 build-i386-xsm                                               pass    
 build-amd64                                                  pass    
 build-arm64                                                  pass    
 build-armhf                                                  pass    
 build-i386                                                   pass    
 build-amd64-libvirt                                          pass    
 build-arm64-libvirt                                          pass    
 build-armhf-libvirt                                          pass    
 build-i386-libvirt                                           pass    
 build-amd64-pvops                                            pass    
 build-arm64-pvops                                            pass    
 build-armhf-pvops                                            pass    
 build-i386-pvops                                             pass    
 test-amd64-amd64-xl                                          pass    
 test-amd64-coresched-amd64-xl                                fail    
 test-arm64-arm64-xl                                          pass    
 test-armhf-armhf-xl                                          pass    
 test-amd64-amd64-libvirt-qemuu-debianhvm-amd64-xsm           pass    
 test-amd64-amd64-xl-qemut-stubdom-debianhvm-amd64-xsm        pass    
 test-amd64-amd64-xl-qemut-debianhvm-i386-xsm                 pass    
 test-amd64-amd64-xl-qemuu-debianhvm-i386-xsm                 pass    
 test-amd64-amd64-libvirt-xsm                                 fail    
 test-arm64-arm64-libvirt-xsm                                 pass    
 test-amd64-amd64-xl-xsm                                      pass    
 test-arm64-arm64-xl-xsm                                      pass    
 test-amd64-amd64-qemuu-nested-amd                            fail    
 test-amd64-amd64-xl-pvhv2-amd                                pass    
 test-amd64-amd64-dom0pvh-xl-amd                              pass    
 test-amd64-amd64-xl-qemut-debianhvm-amd64                    fail    
 test-amd64-amd64-xl-qemuu-debianhvm-amd64                    pass    
 test-amd64-amd64-freebsd11-amd64                             pass    
 test-amd64-amd64-freebsd12-amd64                             pass    
 test-amd64-amd64-xl-qemuu-ovmf-amd64                         pass    
 test-amd64-amd64-xl-qemut-win7-amd64                         fail    
 test-amd64-amd64-xl-qemuu-win7-amd64                         fail    
 test-amd64-amd64-xl-qemut-ws16-amd64                         fail    
 test-amd64-amd64-xl-qemuu-ws16-amd64                         fail    
 test-armhf-armhf-xl-arndale                                  pass    
 test-amd64-amd64-examine-bios                                pass    
 test-amd64-amd64-xl-credit1                                  pass    
 test-arm64-arm64-xl-credit1                                  pass    
 test-armhf-armhf-xl-credit1                                  pass    
 test-amd64-amd64-xl-credit2                                  fail    
 test-arm64-arm64-xl-credit2                                  pass    
 test-armhf-armhf-xl-credit2                                  pass    
 test-amd64-amd64-xl-qemuu-dmrestrict-amd64-dmrestrict        pass    
 test-amd64-amd64-examine                                     pass    
 test-arm64-arm64-examine                                     pass    
 test-armhf-armhf-examine                                     pass    
 test-amd64-amd64-qemuu-nested-intel                          pass    
 test-amd64-amd64-xl-pvhv2-intel                              pass    
 test-amd64-amd64-dom0pvh-xl-intel                            pass    
 test-amd64-amd64-libvirt                                     pass    
 test-armhf-armhf-libvirt                                     pass    
 test-amd64-amd64-xl-multivcpu                                pass    
 test-armhf-armhf-xl-multivcpu                                pass    
 test-amd64-amd64-pair                                        pass    
 test-amd64-amd64-libvirt-pair                                pass    
 test-amd64-amd64-xl-pvshim                                   pass    
 test-amd64-amd64-pygrub                                      pass    
 test-amd64-amd64-libvirt-qcow2                               pass    
 test-armhf-armhf-libvirt-qcow2                               pass    
 test-amd64-amd64-libvirt-raw                                 pass    
 test-arm64-arm64-libvirt-raw                                 pass    
 test-armhf-armhf-libvirt-raw                                 pass    
 test-amd64-amd64-xl-rtds                                     pass    
 test-armhf-armhf-xl-rtds                                     pass    
 test-amd64-amd64-xl-qemuu-debianhvm-amd64-shadow             pass    
 test-amd64-amd64-xl-shadow                                   pass    
 test-arm64-arm64-xl-thunderx                                 pass    
 test-amd64-amd64-examine-uefi                                pass    
 test-amd64-amd64-xl-vhd                                      pass    
 test-arm64-arm64-xl-vhd                                      pass    
 test-armhf-armhf-xl-vhd                                      pass    


------------------------------------------------------------
sg-report-flight on osstest.test-lab.xenproject.org
logs: /home/logs/logs
images: /home/logs/images

Logs, config files, etc. are available at
    http://logs.test-lab.xenproject.org/osstest/logs

Explanation of these reports, and of osstest in general, is at
    http://xenbits.xen.org/gitweb/?p=osstest.git;a=blob;f=README.email;hb=master
    http://xenbits.xen.org/gitweb/?p=osstest.git;a=blob;f=README;hb=master

Test harness code can be found at
    http://xenbits.xen.org/gitweb?p=osstest.git;a=summary


Not pushing.

(No revision log; it would be 5814 lines long.)

Reply via email to