flight 184832 linux-5.4 real [real]
flight 184844 linux-5.4 real-retest [real]
http://logs.test-lab.xenproject.org/osstest/logs/184832/
http://logs.test-lab.xenproject.org/osstest/logs/184844/

Failures :-/ but no regressions.

Tests which are failing intermittently (not blocking):
 test-amd64-i386-qemuu-rhel6hvm-amd 14 guest-start/redhat.repeat fail pass in 
184844-retest
 test-amd64-amd64-xl-qcow2 21 guest-start/debian.repeat fail pass in 
184844-retest
 test-armhf-armhf-xl-arndale 18 guest-start/debian.repeat fail pass in 
184844-retest
 test-armhf-armhf-xl-multivcpu 18 guest-start/debian.repeat fail pass in 
184844-retest

Tests which did not succeed, but are not blocking:
 test-armhf-armhf-libvirt     16 saverestore-support-check    fail  like 184733
 test-amd64-amd64-xl-qemuu-win7-amd64 19 guest-stop            fail like 184733
 test-amd64-i386-xl-qemut-win7-amd64 19 guest-stop             fail like 184733
 test-amd64-i386-xl-qemuu-win7-amd64 19 guest-stop             fail like 184733
 test-amd64-amd64-xl-qemut-win7-amd64 19 guest-stop            fail like 184733
 test-amd64-amd64-xl-qemuu-ws16-amd64 19 guest-stop            fail like 184733
 test-amd64-amd64-xl-qemut-ws16-amd64 19 guest-stop            fail like 184733
 test-armhf-armhf-libvirt-raw 15 saverestore-support-check    fail  like 184733
 test-armhf-armhf-libvirt-qcow2 15 saverestore-support-check   fail like 184733
 test-amd64-i386-xl-qemut-ws16-amd64 19 guest-stop             fail like 184733
 test-amd64-i386-xl-qemuu-ws16-amd64 19 guest-stop             fail like 184733
 test-amd64-amd64-qemuu-nested-amd 20 debian-hvm-install/l1/l2 fail like 184733
 test-amd64-amd64-libvirt     15 migrate-support-check        fail   never pass
 test-amd64-amd64-libvirt-xsm 15 migrate-support-check        fail   never pass
 test-amd64-i386-xl-pvshim    14 guest-start                  fail   never pass
 test-amd64-i386-libvirt-xsm  15 migrate-support-check        fail   never pass
 test-amd64-i386-libvirt      15 migrate-support-check        fail   never pass
 test-amd64-i386-libvirt-qemuu-debianhvm-amd64-xsm 13 migrate-support-check 
fail never pass
 test-amd64-amd64-libvirt-qemuu-debianhvm-amd64-xsm 13 migrate-support-check 
fail never pass
 test-arm64-arm64-xl          15 migrate-support-check        fail   never pass
 test-arm64-arm64-xl          16 saverestore-support-check    fail   never pass
 test-arm64-arm64-xl-xsm      15 migrate-support-check        fail   never pass
 test-arm64-arm64-xl-xsm      16 saverestore-support-check    fail   never pass
 test-arm64-arm64-libvirt-xsm 15 migrate-support-check        fail   never pass
 test-arm64-arm64-libvirt-xsm 16 saverestore-support-check    fail   never pass
 test-arm64-arm64-xl-thunderx 15 migrate-support-check        fail   never pass
 test-arm64-arm64-xl-thunderx 16 saverestore-support-check    fail   never pass
 test-arm64-arm64-xl-credit2  15 migrate-support-check        fail   never pass
 test-arm64-arm64-xl-credit2  16 saverestore-support-check    fail   never pass
 test-arm64-arm64-xl-credit1  15 migrate-support-check        fail   never pass
 test-arm64-arm64-xl-credit1  16 saverestore-support-check    fail   never pass
 test-armhf-armhf-xl-credit1  15 migrate-support-check        fail   never pass
 test-armhf-armhf-xl-credit1  16 saverestore-support-check    fail   never pass
 test-armhf-armhf-xl-multivcpu 15 migrate-support-check        fail  never pass
 test-armhf-armhf-xl-multivcpu 16 saverestore-support-check    fail  never pass
 test-armhf-armhf-xl          15 migrate-support-check        fail   never pass
 test-armhf-armhf-xl          16 saverestore-support-check    fail   never pass
 test-armhf-armhf-xl-rtds     15 migrate-support-check        fail   never pass
 test-armhf-armhf-xl-rtds     16 saverestore-support-check    fail   never pass
 test-armhf-armhf-xl-arndale  15 migrate-support-check        fail   never pass
 test-armhf-armhf-xl-arndale  16 saverestore-support-check    fail   never pass
 test-amd64-amd64-libvirt-vhd 14 migrate-support-check        fail   never pass
 test-armhf-armhf-xl-credit2  15 migrate-support-check        fail   never pass
 test-armhf-armhf-xl-credit2  16 saverestore-support-check    fail   never pass
 test-armhf-armhf-libvirt     15 migrate-support-check        fail   never pass
 test-amd64-i386-libvirt-raw  14 migrate-support-check        fail   never pass
 test-arm64-arm64-libvirt-raw 14 migrate-support-check        fail   never pass
 test-arm64-arm64-libvirt-raw 15 saverestore-support-check    fail   never pass
 test-arm64-arm64-xl-vhd      14 migrate-support-check        fail   never pass
 test-arm64-arm64-xl-vhd      15 saverestore-support-check    fail   never pass
 test-armhf-armhf-libvirt-raw 14 migrate-support-check        fail   never pass
 test-armhf-armhf-libvirt-qcow2 14 migrate-support-check        fail never pass
 test-armhf-armhf-xl-vhd      14 migrate-support-check        fail   never pass
 test-armhf-armhf-xl-vhd      15 saverestore-support-check    fail   never pass

version targeted for testing:
 linux                e133c1ee6d7271007fdba3dbe78818afd88943f9
baseline version:
 linux                6e1f54a4985b63bc1b55a09e5e75a974c5d6719b

Last test of basis   184733  2024-02-23 07:45:41 Z    8 days
Testing same since   184832  2024-03-01 12:45:59 Z    1 days    1 attempts

------------------------------------------------------------
People who touched revisions under test:
  Adam Goldman <[email protected]>
  Alex Deucher <[email protected]>
  Alexander Sverdlin <[email protected]>
  Alexandra Winter <[email protected]>
  Alexei Starovoitov <[email protected]>
  Andrew Morton <[email protected]>
  Andrii Nakryiko <[email protected]>
  Andrii Nakryiko <[email protected]>
  Arnd Bergmann <[email protected]>
  Baokun Li <[email protected]>
  Bart Van Assche <[email protected]>
  Bjorn Andersson <[email protected]>
  Björn Töpel <[email protected]>
  Chen-Yu Tsai <[email protected]>
  Christian Brauner <[email protected]>
  Christian König <[email protected]>
  Christophe JAILLET <[email protected]>
  Conrad Kostecki <[email protected]>
  Cyril Hrubis <[email protected]>
  Daniel Borkmann <[email protected]>
  Daniel Vacek <[email protected]>
  Daniel Wagner <[email protected]>
  Daniil Dulov <[email protected]>
  Danilo Krummrich <[email protected]>
  Darrick J. Wong <[email protected]>
  David Howells <[email protected]>
  David S. Miller <[email protected]>
  Dennis Dalessandro <[email protected]>
  Dmitry Bogdanov <[email protected]>
  Eric Dumazet <[email protected]>
  Erik Kurzinger <[email protected]>
  Felix Fietkau <[email protected]>
  Florian Fainelli <[email protected]>
  Florian Westphal <[email protected]>
  Frank Li <[email protected]>
  Fullway Wang <[email protected]>
  Geert Uytterhoeven <[email protected]>
  Gianmarco Lusvardi <[email protected]>
  GONG, Ruiqi <[email protected]>
  Greg Kroah-Hartman <[email protected]>
  Guenter Roeck <[email protected]>
  Guixin Liu <[email protected]>
  Hannes Reinecke <[email protected]>
  Harshit Mogalapalli <[email protected]>
  Heikki Krogerus <[email protected]>
  Heiko Carstens <[email protected]>
  Helge Deller <[email protected]>
  Icenowy Zheng <[email protected]>
  Ingo Molnar <[email protected]>
  Jakub Kicinski <[email protected]>
  Jamal Hadi Salim <[email protected]>
  Jason Gunthorpe <[email protected]>
  Jason Gunthorpe <[email protected]>
  Jens Axboe <[email protected]>
  Jiri Pirko <[email protected]>
  Johannes Berg <[email protected]>
  Jon Hunter <[email protected]>
  Kai-Heng Feng <[email protected]>
  Kalesh AP <[email protected]>
  Keith Busch <[email protected]>
  kernelci.org bot <[email protected]>
  Kirill A. Shutemov <[email protected]>
  Krishna Kurapati <[email protected]>
  Lee Jones <[email protected]>
  Lennert Buytenhek <[email protected]>
  Leon Romanovsky <[email protected]>
  Linus Walleij <[email protected]>
  Linux Kernel Functional Testing <[email protected]>
  Lokesh Gidra <[email protected]>
  Lorenzo Pieralisi <[email protected]>
  Luke Nelson <[email protected]>
  Marc Zyngier <[email protected]>
  Mark Brown <[email protected]>
  Martin Blumenstingl <[email protected]>
  Martin K. Petersen <[email protected]>
  Mats Kronberg <[email protected]>
  Matthew Wilcox (Oracle) <[email protected]>
  Maxime Ripard <[email protected]>
  Mel Gorman <[email protected]>
  Miaoqian Lin <[email protected]>
  Michal Hocko <[email protected]>
  Michal Kazior <[email protected]>
  Mike Rapoport (IBM) <[email protected]>
  Mike Snitzer <[email protected]>
  Mikulas Patocka <[email protected]>
  Nathan Chancellor <[email protected]>
  Nicolas Dichtel <[email protected]>
  Nikita Shubin <[email protected]>
  Niklas Cassel <[email protected]>
  Niklas Schnelle <[email protected]>
  Nikolay Aleksandrov <[email protected]>
  Oliver Upton <[email protected]>
  Pablo Neira Ayuso <[email protected]>
  Pali Rohár <[email protected]>
  Paolo Abeni <[email protected]>
  Peter Chen <[email protected]>
  Peter Zijlstra (Intel) <[email protected]>
  Petr Vorel <[email protected]>
  Randy Dunlap <[email protected]>
  Rob Herring <[email protected]>
  Ryusuke Konishi <[email protected]>
  Sabrina Dubroca <[email protected]>
  Sasha Levin <[email protected]>
  Selvin Xavier <[email protected]>
  Shanker Donthineni <[email protected]>
  Shuah Khan <[email protected]>
  Simon Ser <[email protected]>
  Sireesh Kodali <[email protected]>
  Soheil Hassas Yeganeh <[email protected]>
  Takashi Iwai <[email protected]>
  Takashi Sakamoto <[email protected]>
  Theodore Ts'o <[email protected]>
  Thierry Reding <[email protected]>
  Thomas Gleixner <[email protected]>
  Tom Parkin <[email protected]>
  Trek <[email protected]>
  Ulf Hansson <[email protected]>
  Vasiliy Kovalev <[email protected]>
  Vidya Sagar <[email protected]>
  Vinod Koul <[email protected]>
  Wolfram Sang <[email protected]>
  Xin Long <[email protected]>
  Xu Yang <[email protected]>
  Yi Sun <[email protected]>
  Zhang Rui <[email protected]>
  Zhipeng Lu <[email protected]>

jobs:
 build-amd64-xsm                                              pass    
 build-arm64-xsm                                              pass    
 build-i386-xsm                                               pass    
 build-amd64                                                  pass    
 build-arm64                                                  pass    
 build-armhf                                                  pass    
 build-i386                                                   pass    
 build-amd64-libvirt                                          pass    
 build-arm64-libvirt                                          pass    
 build-armhf-libvirt                                          pass    
 build-i386-libvirt                                           pass    
 build-amd64-pvops                                            pass    
 build-arm64-pvops                                            pass    
 build-armhf-pvops                                            pass    
 build-i386-pvops                                             pass    
 test-amd64-amd64-xl                                          pass    
 test-amd64-coresched-amd64-xl                                pass    
 test-arm64-arm64-xl                                          pass    
 test-armhf-armhf-xl                                          pass    
 test-amd64-i386-xl                                           pass    
 test-amd64-coresched-i386-xl                                 pass    
 test-amd64-amd64-libvirt-qemuu-debianhvm-amd64-xsm           pass    
 test-amd64-i386-libvirt-qemuu-debianhvm-amd64-xsm            pass    
 test-amd64-amd64-xl-qemut-stubdom-debianhvm-amd64-xsm        pass    
 test-amd64-i386-xl-qemut-stubdom-debianhvm-amd64-xsm         pass    
 test-amd64-amd64-xl-qemut-debianhvm-i386-xsm                 pass    
 test-amd64-i386-xl-qemut-debianhvm-i386-xsm                  pass    
 test-amd64-amd64-xl-qemuu-debianhvm-i386-xsm                 pass    
 test-amd64-i386-xl-qemuu-debianhvm-i386-xsm                  pass    
 test-amd64-amd64-libvirt-xsm                                 pass    
 test-arm64-arm64-libvirt-xsm                                 pass    
 test-amd64-i386-libvirt-xsm                                  pass    
 test-amd64-amd64-xl-xsm                                      pass    
 test-arm64-arm64-xl-xsm                                      pass    
 test-amd64-i386-xl-xsm                                       pass    
 test-amd64-amd64-qemuu-nested-amd                            fail    
 test-amd64-amd64-xl-pvhv2-amd                                pass    
 test-amd64-i386-qemut-rhel6hvm-amd                           pass    
 test-amd64-i386-qemuu-rhel6hvm-amd                           fail    
 test-amd64-amd64-dom0pvh-xl-amd                              pass    
 test-amd64-amd64-xl-qemut-debianhvm-amd64                    pass    
 test-amd64-i386-xl-qemut-debianhvm-amd64                     pass    
 test-amd64-amd64-xl-qemuu-debianhvm-amd64                    pass    
 test-amd64-i386-xl-qemuu-debianhvm-amd64                     pass    
 test-amd64-i386-freebsd10-amd64                              pass    
 test-amd64-amd64-qemuu-freebsd11-amd64                       pass    
 test-amd64-amd64-qemuu-freebsd12-amd64                       pass    
 test-amd64-amd64-xl-qemuu-ovmf-amd64                         pass    
 test-amd64-i386-xl-qemuu-ovmf-amd64                          pass    
 test-amd64-amd64-xl-qemut-win7-amd64                         fail    
 test-amd64-i386-xl-qemut-win7-amd64                          fail    
 test-amd64-amd64-xl-qemuu-win7-amd64                         fail    
 test-amd64-i386-xl-qemuu-win7-amd64                          fail    
 test-amd64-amd64-xl-qemut-ws16-amd64                         fail    
 test-amd64-i386-xl-qemut-ws16-amd64                          fail    
 test-amd64-amd64-xl-qemuu-ws16-amd64                         fail    
 test-amd64-i386-xl-qemuu-ws16-amd64                          fail    
 test-armhf-armhf-xl-arndale                                  fail    
 test-amd64-amd64-examine-bios                                pass    
 test-amd64-i386-examine-bios                                 pass    
 test-amd64-amd64-xl-credit1                                  pass    
 test-arm64-arm64-xl-credit1                                  pass    
 test-armhf-armhf-xl-credit1                                  pass    
 test-amd64-amd64-xl-credit2                                  pass    
 test-arm64-arm64-xl-credit2                                  pass    
 test-armhf-armhf-xl-credit2                                  pass    
 test-amd64-amd64-xl-qemuu-dmrestrict-amd64-dmrestrict        pass    
 test-amd64-i386-xl-qemuu-dmrestrict-amd64-dmrestrict         pass    
 test-amd64-amd64-examine                                     pass    
 test-arm64-arm64-examine                                     pass    
 test-armhf-armhf-examine                                     pass    
 test-amd64-i386-examine                                      pass    
 test-amd64-i386-freebsd10-i386                               pass    
 test-amd64-amd64-qemuu-nested-intel                          pass    
 test-amd64-amd64-xl-pvhv2-intel                              pass    
 test-amd64-i386-qemut-rhel6hvm-intel                         pass    
 test-amd64-i386-qemuu-rhel6hvm-intel                         pass    
 test-amd64-amd64-dom0pvh-xl-intel                            pass    
 test-amd64-amd64-libvirt                                     pass    
 test-armhf-armhf-libvirt                                     pass    
 test-amd64-i386-libvirt                                      pass    
 test-amd64-amd64-xl-multivcpu                                pass    
 test-armhf-armhf-xl-multivcpu                                fail    
 test-amd64-amd64-pair                                        pass    
 test-amd64-i386-pair                                         pass    
 test-amd64-amd64-libvirt-pair                                pass    
 test-amd64-i386-libvirt-pair                                 pass    
 test-amd64-amd64-xl-pvshim                                   pass    
 test-amd64-i386-xl-pvshim                                    fail    
 test-amd64-amd64-pygrub                                      pass    
 test-armhf-armhf-libvirt-qcow2                               pass    
 test-amd64-amd64-xl-qcow2                                    fail    
 test-arm64-arm64-libvirt-raw                                 pass    
 test-armhf-armhf-libvirt-raw                                 pass    
 test-amd64-i386-libvirt-raw                                  pass    
 test-amd64-amd64-xl-rtds                                     pass    
 test-armhf-armhf-xl-rtds                                     pass    
 test-amd64-amd64-xl-qemuu-debianhvm-amd64-shadow             pass    
 test-amd64-i386-xl-qemuu-debianhvm-amd64-shadow              pass    
 test-amd64-amd64-xl-shadow                                   pass    
 test-amd64-i386-xl-shadow                                    pass    
 test-arm64-arm64-xl-thunderx                                 pass    
 test-amd64-amd64-examine-uefi                                pass    
 test-amd64-i386-examine-uefi                                 pass    
 test-amd64-amd64-libvirt-vhd                                 pass    
 test-arm64-arm64-xl-vhd                                      pass    
 test-armhf-armhf-xl-vhd                                      pass    
 test-amd64-i386-xl-vhd                                       pass    


------------------------------------------------------------
sg-report-flight on osstest.test-lab.xenproject.org
logs: /home/logs/logs
images: /home/logs/images

Logs, config files, etc. are available at
    http://logs.test-lab.xenproject.org/osstest/logs

Explanation of these reports, and of osstest in general, is at
    http://xenbits.xen.org/gitweb/?p=osstest.git;a=blob;f=README.email;hb=master
    http://xenbits.xen.org/gitweb/?p=osstest.git;a=blob;f=README;hb=master

Test harness code can be found at
    http://xenbits.xen.org/gitweb?p=osstest.git;a=summary


Pushing revision :

hint: The 'hooks/update' hook was ignored because it's not set as executable.
hint: You can disable this warning with `git config advice.ignoredHook false`.
hint: The 'hooks/post-receive' hook was ignored because it's not set as 
executable.
hint: You can disable this warning with `git config advice.ignoredHook false`.
hint: The 'hooks/post-update' hook was ignored because it's not set as 
executable.
hint: You can disable this warning with `git config advice.ignoredHook false`.
To xenbits.xen.org:/home/xen/git/linux-pvops.git
   6e1f54a4985b6..e133c1ee6d727  e133c1ee6d7271007fdba3dbe78818afd88943f9 -> 
tested/linux-5.4

Reply via email to