flight 186148 linux-linus real [real] http://logs.test-lab.xenproject.org/osstest/logs/186148/
Failures :-/ but no regressions. Tests which did not succeed, but are not blocking: test-armhf-armhf-libvirt 16 saverestore-support-check fail like 186127 test-amd64-amd64-xl-qemut-win7-amd64 19 guest-stop fail like 186127 test-amd64-amd64-xl-qemuu-win7-amd64 19 guest-stop fail like 186127 test-amd64-amd64-xl-qemuu-ws16-amd64 19 guest-stop fail like 186127 test-amd64-amd64-xl-qemut-ws16-amd64 19 guest-stop fail like 186127 test-amd64-amd64-qemuu-nested-amd 20 debian-hvm-install/l1/l2 fail like 186127 test-amd64-amd64-libvirt 15 migrate-support-check fail never pass test-amd64-amd64-libvirt-xsm 15 migrate-support-check fail never pass test-amd64-amd64-libvirt-qemuu-debianhvm-amd64-xsm 13 migrate-support-check fail never pass test-arm64-arm64-xl 15 migrate-support-check fail never pass test-arm64-arm64-xl 16 saverestore-support-check fail never pass test-arm64-arm64-libvirt-xsm 15 migrate-support-check fail never pass test-arm64-arm64-libvirt-xsm 16 saverestore-support-check fail never pass test-arm64-arm64-xl-xsm 15 migrate-support-check fail never pass test-arm64-arm64-xl-xsm 16 saverestore-support-check fail never pass test-arm64-arm64-xl-credit1 15 migrate-support-check fail never pass test-arm64-arm64-xl-credit1 16 saverestore-support-check fail never pass test-armhf-armhf-xl 15 migrate-support-check fail never pass test-armhf-armhf-xl 16 saverestore-support-check fail never pass test-arm64-arm64-xl-credit2 15 migrate-support-check fail never pass test-armhf-armhf-xl-rtds 15 migrate-support-check fail never pass test-arm64-arm64-xl-credit2 16 saverestore-support-check fail never pass test-armhf-armhf-xl-rtds 16 saverestore-support-check fail never pass test-arm64-arm64-xl-thunderx 15 migrate-support-check fail never pass test-arm64-arm64-xl-thunderx 16 saverestore-support-check fail never pass test-amd64-amd64-libvirt-qcow2 14 migrate-support-check fail never pass test-amd64-amd64-libvirt-raw 14 migrate-support-check fail never pass test-armhf-armhf-xl-arndale 15 migrate-support-check fail never pass test-armhf-armhf-xl-arndale 16 saverestore-support-check fail never pass test-armhf-armhf-xl-credit2 15 migrate-support-check fail never pass test-armhf-armhf-xl-credit2 16 saverestore-support-check fail never pass test-armhf-armhf-libvirt 15 migrate-support-check fail never pass test-amd64-amd64-libvirt-vhd 14 migrate-support-check fail never pass test-armhf-armhf-xl-qcow2 14 migrate-support-check fail never pass test-armhf-armhf-xl-qcow2 15 saverestore-support-check fail never pass test-arm64-arm64-xl-vhd 14 migrate-support-check fail never pass test-arm64-arm64-xl-vhd 15 saverestore-support-check fail never pass test-arm64-arm64-libvirt-raw 14 migrate-support-check fail never pass test-arm64-arm64-libvirt-raw 15 saverestore-support-check fail never pass test-armhf-armhf-libvirt-vhd 14 migrate-support-check fail never pass test-armhf-armhf-libvirt-vhd 15 saverestore-support-check fail never pass test-armhf-armhf-xl-multivcpu 15 migrate-support-check fail never pass test-armhf-armhf-xl-multivcpu 16 saverestore-support-check fail never pass test-armhf-armhf-xl-credit1 15 migrate-support-check fail never pass test-armhf-armhf-xl-credit1 16 saverestore-support-check fail never pass test-armhf-armhf-xl-raw 14 migrate-support-check fail never pass test-armhf-armhf-xl-raw 15 saverestore-support-check fail never pass version targeted for testing: linux 56fb6f92854f29dcb6c3dc3ba92eeda1b615e88c baseline version: linux 6d69b6c12fce479fde7bc06f686212451688a102 Last test of basis 186127 2024-05-23 23:10:22 Z 2 days Failing since 186140 2024-05-24 17:10:45 Z 1 days 3 attempts Testing same since 186144 2024-05-25 09:27:52 Z 0 days 2 attempts ------------------------------------------------------------ People who touched revisions under test: Abhinav Saxena <[email protected]> Al Viro <[email protected]> Alex Deucher <[email protected]> Alexandre Ghiti <[email protected]> Amer Al Shanawany <[email protected]> Anatoliy Klymenko <[email protected]> Andrew Morton <[email protected]> Andy Chi <[email protected]> Andy Chiu <[email protected]> Andy Shevchenko <[email protected]> Antonino Maniscalco <[email protected]> Arnd Bergmann <[email protected]> Arunpravin Paneer Selvam <[email protected]> Björn Töpel <[email protected]> Boris Brezillon <[email protected]> Boris Burkov <[email protected]> Charlie Jenkins <[email protected]> Christophe JAILLET <[email protected]> Conor Dooley <[email protected]> Dan Carpenter <[email protected]> Daniel Starke <[email protected]> Danilo Krummrich <[email protected]> Dave Airlie <[email protected]> David Sterba <[email protected]> Dmitry Baryshkov <[email protected]> Dmitry Torokhov <[email protected]> Doug Berger <[email protected]> Emil Renner Berthing <[email protected]> Eric Smith <[email protected]> Erick Archer <[email protected]> Fenglin Wu <[email protected]> Filipe Manana <[email protected]> Florian Fainelli <[email protected]> Gao Xiang <[email protected]> Gao Xiang <[email protected]> Greg Kroah-Hartman <[email protected]> Henry Wang <[email protected]> Hongzhen Luo <[email protected]> Hugo Villeneuve <[email protected]> [email protected] Jack Yu <[email protected]> Jani Nikula <[email protected]> Jason Andryuk <[email protected]> Jeff Xu <[email protected]> Jian-Hong Pan <[email protected]> Joel Selvaraj <[email protected]> Juergen Gross <[email protected]> Karel Balej <[email protected]> Kees Cook <[email protected]> Kefeng Wang <[email protected]> Kent Overstreet <[email protected]> Kirill Artemev <[email protected]> Krzysztof Kozlowski <[email protected]> Lang Yu <[email protected]> Li Ma <[email protected]> Linus Torvalds <[email protected]> Liu Ying <[email protected]> Liviu Dudau <[email protected]> Lu Yao <[email protected]> Maarten Lankhorst <[email protected]> Manuel Barrio Linares <[email protected]> Marek Szyprowski <[email protected]> Mark Brown <[email protected]> Matthew Bystrin <[email protected]> Michal Orzel <[email protected]> Mohamed Ahmed <[email protected]> Nam Cao <[email protected]> Nathan Chancellor <[email protected]> Palmer Dabbelt <[email protected]> Peter Ujfalusi <[email protected]> Pin-yen Lin <[email protected]> Puranjay Mohan <[email protected]> Qingfang Deng <[email protected]> Qu Wenruo <[email protected]> Ricardo Ribalda <[email protected]> Rob Herring (Arm) <[email protected]> Roger Pau Monne <[email protected]> Roger Pau Monné <[email protected]> Samuel Holland <[email protected]> Shenghao Ding <[email protected]> Stephen Boyd <[email protected]> Steven Rostedt (Google) <[email protected]> Sui Jingfeng <[email protected]> Takashi Iwai <[email protected]> Thomas Zimmermann <[email protected]> Tomi Valkeinen <[email protected]> Uros Bizjak <[email protected]> Uwe Kleine-König <[email protected]> Wayne Lin <[email protected]> Xiao Wang <[email protected]> Xingyou Chen <[email protected]> Xu Yang <[email protected]> Youling Tang <[email protected]> Zhang Yi <[email protected]> Zhao Ke <[email protected]> jobs: build-amd64-xsm pass build-arm64-xsm pass build-i386-xsm pass build-amd64 pass build-arm64 pass build-armhf pass build-i386 pass build-amd64-libvirt pass build-arm64-libvirt pass build-armhf-libvirt pass build-i386-libvirt pass build-amd64-pvops pass build-arm64-pvops pass build-armhf-pvops pass build-i386-pvops pass test-amd64-amd64-xl pass test-amd64-coresched-amd64-xl pass test-arm64-arm64-xl pass test-armhf-armhf-xl pass test-amd64-amd64-libvirt-qemuu-debianhvm-amd64-xsm pass test-amd64-amd64-xl-qemut-stubdom-debianhvm-amd64-xsm pass test-amd64-amd64-xl-qemut-debianhvm-i386-xsm pass test-amd64-amd64-xl-qemuu-debianhvm-i386-xsm pass test-amd64-amd64-libvirt-xsm pass test-arm64-arm64-libvirt-xsm pass test-amd64-amd64-xl-xsm pass test-arm64-arm64-xl-xsm pass test-amd64-amd64-qemuu-nested-amd fail test-amd64-amd64-xl-pvhv2-amd pass test-amd64-amd64-dom0pvh-xl-amd pass test-amd64-amd64-xl-qemut-debianhvm-amd64 pass test-amd64-amd64-xl-qemuu-debianhvm-amd64 pass test-amd64-amd64-qemuu-freebsd11-amd64 pass test-amd64-amd64-qemuu-freebsd12-amd64 pass test-amd64-amd64-xl-qemuu-ovmf-amd64 pass test-amd64-amd64-xl-qemut-win7-amd64 fail test-amd64-amd64-xl-qemuu-win7-amd64 fail test-amd64-amd64-xl-qemut-ws16-amd64 fail test-amd64-amd64-xl-qemuu-ws16-amd64 fail test-armhf-armhf-xl-arndale pass test-amd64-amd64-examine-bios pass test-amd64-amd64-xl-credit1 pass test-arm64-arm64-xl-credit1 pass test-armhf-armhf-xl-credit1 pass test-amd64-amd64-xl-credit2 pass test-arm64-arm64-xl-credit2 pass test-armhf-armhf-xl-credit2 pass test-amd64-amd64-xl-qemuu-dmrestrict-amd64-dmrestrict pass test-amd64-amd64-examine pass test-arm64-arm64-examine pass test-armhf-armhf-examine pass test-amd64-amd64-qemuu-nested-intel pass test-amd64-amd64-xl-pvhv2-intel pass test-amd64-amd64-dom0pvh-xl-intel pass test-amd64-amd64-libvirt pass test-armhf-armhf-libvirt pass test-amd64-amd64-xl-multivcpu pass test-armhf-armhf-xl-multivcpu pass test-amd64-amd64-pair pass test-amd64-amd64-libvirt-pair pass test-amd64-amd64-xl-pvshim pass test-amd64-amd64-pygrub pass test-amd64-amd64-libvirt-qcow2 pass test-amd64-amd64-xl-qcow2 pass test-armhf-armhf-xl-qcow2 pass test-amd64-amd64-libvirt-raw pass test-arm64-arm64-libvirt-raw pass test-amd64-amd64-xl-raw pass test-armhf-armhf-xl-raw pass test-amd64-amd64-xl-rtds pass test-armhf-armhf-xl-rtds pass test-amd64-amd64-xl-qemuu-debianhvm-amd64-shadow pass test-amd64-amd64-xl-shadow pass test-arm64-arm64-xl-thunderx pass test-amd64-amd64-examine-uefi pass test-amd64-amd64-libvirt-vhd pass test-armhf-armhf-libvirt-vhd pass test-amd64-amd64-xl-vhd pass test-arm64-arm64-xl-vhd pass ------------------------------------------------------------ sg-report-flight on osstest.test-lab.xenproject.org logs: /home/logs/logs images: /home/logs/images Logs, config files, etc. are available at http://logs.test-lab.xenproject.org/osstest/logs Explanation of these reports, and of osstest in general, is at http://xenbits.xen.org/gitweb/?p=osstest.git;a=blob;f=README.email;hb=master http://xenbits.xen.org/gitweb/?p=osstest.git;a=blob;f=README;hb=master Test harness code can be found at http://xenbits.xen.org/gitweb?p=osstest.git;a=summary Pushing revision : hint: The 'hooks/update' hook was ignored because it's not set as executable. hint: You can disable this warning with `git config advice.ignoredHook false`. hint: The 'hooks/post-receive' hook was ignored because it's not set as executable. hint: You can disable this warning with `git config advice.ignoredHook false`. hint: The 'hooks/post-update' hook was ignored because it's not set as executable. hint: You can disable this warning with `git config advice.ignoredHook false`. To xenbits.xen.org:/home/xen/git/linux-pvops.git 6d69b6c12fce..56fb6f92854f 56fb6f92854f29dcb6c3dc3ba92eeda1b615e88c -> tested/linux-linus
