flight 186150 linux-6.1 real [real] flight 186153 linux-6.1 real-retest [real] http://logs.test-lab.xenproject.org/osstest/logs/186150/ http://logs.test-lab.xenproject.org/osstest/logs/186153/
Failures :-/ but no regressions. Tests which are failing intermittently (not blocking): test-armhf-armhf-examine 8 reboot fail pass in 186153-retest Tests which did not succeed, but are not blocking: test-armhf-armhf-libvirt 16 saverestore-support-check fail like 186028 test-amd64-amd64-xl-qemuu-win7-amd64 19 guest-stop fail like 186028 test-amd64-amd64-xl-qemuu-ws16-amd64 19 guest-stop fail like 186028 test-amd64-amd64-xl-qemut-win7-amd64 19 guest-stop fail like 186028 test-amd64-amd64-xl-qemut-ws16-amd64 19 guest-stop fail like 186028 test-amd64-amd64-qemuu-nested-amd 20 debian-hvm-install/l1/l2 fail like 186028 test-amd64-amd64-libvirt 15 migrate-support-check fail never pass test-amd64-amd64-libvirt-xsm 15 migrate-support-check fail never pass test-amd64-amd64-libvirt-qcow2 14 migrate-support-check fail never pass test-amd64-amd64-libvirt-qemuu-debianhvm-amd64-xsm 13 migrate-support-check fail never pass test-arm64-arm64-xl 15 migrate-support-check fail never pass test-arm64-arm64-xl 16 saverestore-support-check fail never pass test-arm64-arm64-xl-credit2 15 migrate-support-check fail never pass test-arm64-arm64-xl-credit2 16 saverestore-support-check fail never pass test-arm64-arm64-libvirt-xsm 15 migrate-support-check fail never pass test-arm64-arm64-libvirt-xsm 16 saverestore-support-check fail never pass test-amd64-amd64-libvirt-raw 14 migrate-support-check fail never pass test-arm64-arm64-xl-credit1 15 migrate-support-check fail never pass test-arm64-arm64-xl-xsm 15 migrate-support-check fail never pass test-arm64-arm64-xl-credit1 16 saverestore-support-check fail never pass test-arm64-arm64-xl-xsm 16 saverestore-support-check fail never pass test-arm64-arm64-xl-thunderx 15 migrate-support-check fail never pass test-arm64-arm64-xl-thunderx 16 saverestore-support-check fail never pass test-armhf-armhf-xl-credit2 15 migrate-support-check fail never pass test-armhf-armhf-xl-credit2 16 saverestore-support-check fail never pass test-armhf-armhf-xl-multivcpu 15 migrate-support-check fail never pass test-armhf-armhf-xl-multivcpu 16 saverestore-support-check fail never pass test-armhf-armhf-xl-rtds 15 migrate-support-check fail never pass test-armhf-armhf-xl-rtds 16 saverestore-support-check fail never pass test-armhf-armhf-xl 15 migrate-support-check fail never pass test-armhf-armhf-xl 16 saverestore-support-check fail never pass test-armhf-armhf-xl-credit1 15 migrate-support-check fail never pass test-armhf-armhf-xl-credit1 16 saverestore-support-check fail never pass test-amd64-amd64-libvirt-vhd 14 migrate-support-check fail never pass test-armhf-armhf-xl-arndale 15 migrate-support-check fail never pass test-armhf-armhf-xl-arndale 16 saverestore-support-check fail never pass test-armhf-armhf-libvirt 15 migrate-support-check fail never pass test-arm64-arm64-libvirt-raw 14 migrate-support-check fail never pass test-arm64-arm64-libvirt-raw 15 saverestore-support-check fail never pass test-arm64-arm64-xl-vhd 14 migrate-support-check fail never pass test-arm64-arm64-xl-vhd 15 saverestore-support-check fail never pass test-armhf-armhf-xl-raw 14 migrate-support-check fail never pass test-armhf-armhf-xl-raw 15 saverestore-support-check fail never pass test-armhf-armhf-libvirt-vhd 14 migrate-support-check fail never pass test-armhf-armhf-libvirt-vhd 15 saverestore-support-check fail never pass test-armhf-armhf-xl-qcow2 14 migrate-support-check fail never pass test-armhf-armhf-xl-qcow2 15 saverestore-support-check fail never pass version targeted for testing: linux 88690811da69826fdb59d908a6e5e9d0c63b581a baseline version: linux 4078fa637fcd80c8487680ec2e4ef7c58308e9aa Last test of basis 186028 2024-05-17 10:16:47 Z 9 days Testing same since 186146 2024-05-25 14:44:52 Z 0 days 2 attempts ------------------------------------------------------------ People who touched revisions under test: Aidan MacDonald <[email protected]> Ajay Kaher <[email protected]> Akira Yokosawa <[email protected]> Alex Deucher <[email protected]> AngeloGioacchino Del Regno <[email protected]> Carlos Llamas <[email protected]> Chandan Babu R <[email protected]> Chuck Lever <[email protected]> Daniel Thompson <[email protected]> Darrick J. Wong <[email protected]> Dave Chinner <[email protected]> David S. Miller <[email protected]> Eric Sandeen <[email protected]> Florian Fainelli <[email protected]> Greg Kroah-Hartman <[email protected]> Guo Xuenan <[email protected]> Heikki Krogerus <[email protected]> Hironori Shiina <[email protected]> Hironori Shiina <[email protected]> Jacob Keller <[email protected]> Jakub Kicinski <[email protected]> Jarkko Sakkinen <[email protected]> Javier Carrasco <[email protected]> Jon Hunter <[email protected]> Jonathan Corbet <[email protected]> Jose Fernandez <[email protected]> Jose Ignacio Tornos Martinez <[email protected]> Kelsey Steele <[email protected]> Leah Rumancik <[email protected]> Lee Jones <[email protected]> Linus Walleij <[email protected]> Linux Kernel Functional Testing <[email protected]> Long Li <[email protected]> Mark Brown <[email protected]> Mark Rutland <[email protected]> Mateusz Jończyk <[email protected]> Mathieu Poirier <[email protected]> Mengqi Zhang <[email protected]> NeilBrown <[email protected]> Oleksandr Tymoshenko <[email protected]> Pavel Machek (CIP) <[email protected]> Prashanth K <[email protected]> Rafal Romanowski <[email protected]> Rodrigo Siqueira <[email protected]> Ron Economos <[email protected]> Ronald Wahl <[email protected]> Salvatore Bonaccorso <[email protected]> SeongJae Park <[email protected]> Sergey Shtylyov <[email protected]> Shuah Khan <[email protected]> Srinivasan Shanmugam <[email protected]> Thinh Nguyen <[email protected]> Thomas Weißschuh <[email protected]> Tony Nguyen <[email protected]> Ulf Hansson <[email protected]> Will Deacon <[email protected]> jobs: build-amd64-xsm pass build-arm64-xsm pass build-i386-xsm pass build-amd64 pass build-arm64 pass build-armhf pass build-i386 pass build-amd64-libvirt pass build-arm64-libvirt pass build-armhf-libvirt pass build-i386-libvirt pass build-amd64-pvops pass build-arm64-pvops pass build-armhf-pvops pass build-i386-pvops pass test-amd64-amd64-xl pass test-amd64-coresched-amd64-xl pass test-arm64-arm64-xl pass test-armhf-armhf-xl pass test-amd64-amd64-libvirt-qemuu-debianhvm-amd64-xsm pass test-amd64-amd64-xl-qemut-stubdom-debianhvm-amd64-xsm pass test-amd64-amd64-xl-qemut-debianhvm-i386-xsm pass test-amd64-amd64-xl-qemuu-debianhvm-i386-xsm pass test-amd64-amd64-libvirt-xsm pass test-arm64-arm64-libvirt-xsm pass test-amd64-amd64-xl-xsm pass test-arm64-arm64-xl-xsm pass test-amd64-amd64-qemuu-nested-amd fail test-amd64-amd64-xl-pvhv2-amd pass test-amd64-amd64-dom0pvh-xl-amd pass test-amd64-amd64-xl-qemut-debianhvm-amd64 pass test-amd64-amd64-xl-qemuu-debianhvm-amd64 pass test-amd64-amd64-qemuu-freebsd11-amd64 pass test-amd64-amd64-qemuu-freebsd12-amd64 pass test-amd64-amd64-xl-qemuu-ovmf-amd64 pass test-amd64-amd64-xl-qemut-win7-amd64 fail test-amd64-amd64-xl-qemuu-win7-amd64 fail test-amd64-amd64-xl-qemut-ws16-amd64 fail test-amd64-amd64-xl-qemuu-ws16-amd64 fail test-armhf-armhf-xl-arndale pass test-amd64-amd64-examine-bios pass test-amd64-amd64-xl-credit1 pass test-arm64-arm64-xl-credit1 pass test-armhf-armhf-xl-credit1 pass test-amd64-amd64-xl-credit2 pass test-arm64-arm64-xl-credit2 pass test-armhf-armhf-xl-credit2 pass test-amd64-amd64-xl-qemuu-dmrestrict-amd64-dmrestrict pass test-amd64-amd64-examine pass test-arm64-arm64-examine pass test-armhf-armhf-examine fail test-amd64-amd64-qemuu-nested-intel pass test-amd64-amd64-xl-pvhv2-intel pass test-amd64-amd64-dom0pvh-xl-intel pass test-amd64-amd64-libvirt pass test-armhf-armhf-libvirt pass test-amd64-amd64-xl-multivcpu pass test-armhf-armhf-xl-multivcpu pass test-amd64-amd64-pair pass test-amd64-amd64-libvirt-pair pass test-amd64-amd64-xl-pvshim pass test-amd64-amd64-pygrub pass test-amd64-amd64-libvirt-qcow2 pass test-amd64-amd64-xl-qcow2 pass test-armhf-armhf-xl-qcow2 pass test-amd64-amd64-libvirt-raw pass test-arm64-arm64-libvirt-raw pass test-amd64-amd64-xl-raw pass test-armhf-armhf-xl-raw pass test-amd64-amd64-xl-rtds pass test-armhf-armhf-xl-rtds pass test-amd64-amd64-xl-qemuu-debianhvm-amd64-shadow pass test-amd64-amd64-xl-shadow pass test-arm64-arm64-xl-thunderx pass test-amd64-amd64-examine-uefi pass test-amd64-amd64-libvirt-vhd pass test-armhf-armhf-libvirt-vhd pass test-amd64-amd64-xl-vhd pass test-arm64-arm64-xl-vhd pass ------------------------------------------------------------ sg-report-flight on osstest.test-lab.xenproject.org logs: /home/logs/logs images: /home/logs/images Logs, config files, etc. are available at http://logs.test-lab.xenproject.org/osstest/logs Explanation of these reports, and of osstest in general, is at http://xenbits.xen.org/gitweb/?p=osstest.git;a=blob;f=README.email;hb=master http://xenbits.xen.org/gitweb/?p=osstest.git;a=blob;f=README;hb=master Test harness code can be found at http://xenbits.xen.org/gitweb?p=osstest.git;a=summary Pushing revision : hint: The 'hooks/update' hook was ignored because it's not set as executable. hint: You can disable this warning with `git config advice.ignoredHook false`. hint: The 'hooks/post-receive' hook was ignored because it's not set as executable. hint: You can disable this warning with `git config advice.ignoredHook false`. hint: The 'hooks/post-update' hook was ignored because it's not set as executable. hint: You can disable this warning with `git config advice.ignoredHook false`. To xenbits.xen.org:/home/xen/git/linux-pvops.git 4078fa637fcd..88690811da69 88690811da69826fdb59d908a6e5e9d0c63b581a -> tested/linux-6.1
