flight 120260 linux-4.9 real [real]
http://logs.test-lab.xenproject.org/osstest/logs/120260/

Failures :-/ but no regressions.

Tests which did not succeed, but are not blocking:
 test-amd64-i386-xl-qemut-win7-amd64 17 guest-stop             fail like 120047
 test-amd64-amd64-xl-qemut-win7-amd64 17 guest-stop            fail like 120047
 test-amd64-amd64-xl-qemuu-win7-amd64 17 guest-stop            fail like 120047
 test-amd64-i386-xl-qemuu-win7-amd64 17 guest-stop             fail like 120047
 test-amd64-amd64-xl-qemuu-ws16-amd64 17 guest-stop            fail like 120047
 test-amd64-amd64-xl-pvhv2-intel 12 guest-start                 fail never pass
 test-amd64-amd64-xl-pvhv2-amd 12 guest-start                  fail  never pass
 test-amd64-i386-libvirt-xsm  13 migrate-support-check        fail   never pass
 test-amd64-amd64-libvirt     13 migrate-support-check        fail   never pass
 test-amd64-i386-libvirt      13 migrate-support-check        fail   never pass
 test-amd64-amd64-libvirt-xsm 13 migrate-support-check        fail   never pass
 test-arm64-arm64-xl          13 migrate-support-check        fail   never pass
 test-arm64-arm64-xl-xsm      13 migrate-support-check        fail   never pass
 test-arm64-arm64-xl          14 saverestore-support-check    fail   never pass
 test-arm64-arm64-xl-xsm      14 saverestore-support-check    fail   never pass
 test-arm64-arm64-xl-credit2  13 migrate-support-check        fail   never pass
 test-arm64-arm64-xl-credit2  14 saverestore-support-check    fail   never pass
 test-arm64-arm64-libvirt-xsm 13 migrate-support-check        fail   never pass
 test-arm64-arm64-libvirt-xsm 14 saverestore-support-check    fail   never pass
 test-amd64-amd64-libvirt-qemuu-debianhvm-amd64-xsm 11 migrate-support-check 
fail never pass
 test-armhf-armhf-xl-arndale  13 migrate-support-check        fail   never pass
 test-armhf-armhf-xl-arndale  14 saverestore-support-check    fail   never pass
 test-amd64-i386-libvirt-qemuu-debianhvm-amd64-xsm 11 migrate-support-check 
fail never pass
 test-amd64-amd64-qemuu-nested-amd 17 debian-hvm-install/l1/l2  fail never pass
 test-amd64-amd64-libvirt-vhd 12 migrate-support-check        fail   never pass
 test-armhf-armhf-libvirt-xsm 13 migrate-support-check        fail   never pass
 test-armhf-armhf-libvirt-xsm 14 saverestore-support-check    fail   never pass
 test-armhf-armhf-xl-cubietruck 13 migrate-support-check        fail never pass
 test-armhf-armhf-xl-cubietruck 14 saverestore-support-check    fail never pass
 test-armhf-armhf-xl-credit2  13 migrate-support-check        fail   never pass
 test-armhf-armhf-xl-credit2  14 saverestore-support-check    fail   never pass
 test-armhf-armhf-xl-multivcpu 13 migrate-support-check        fail  never pass
 test-armhf-armhf-xl-rtds     13 migrate-support-check        fail   never pass
 test-armhf-armhf-xl-multivcpu 14 saverestore-support-check    fail  never pass
 test-armhf-armhf-xl-xsm      13 migrate-support-check        fail   never pass
 test-armhf-armhf-xl          13 migrate-support-check        fail   never pass
 test-armhf-armhf-xl-rtds     14 saverestore-support-check    fail   never pass
 test-armhf-armhf-xl-xsm      14 saverestore-support-check    fail   never pass
 test-armhf-armhf-xl          14 saverestore-support-check    fail   never pass
 test-amd64-i386-xl-qemut-ws16-amd64 17 guest-stop              fail never pass
 test-armhf-armhf-libvirt-raw 12 migrate-support-check        fail   never pass
 test-armhf-armhf-libvirt-raw 13 saverestore-support-check    fail   never pass
 test-amd64-amd64-xl-qemut-ws16-amd64 17 guest-stop             fail never pass
 test-armhf-armhf-xl-vhd      12 migrate-support-check        fail   never pass
 test-armhf-armhf-xl-vhd      13 saverestore-support-check    fail   never pass
 test-amd64-i386-xl-qemuu-ws16-amd64 17 guest-stop              fail never pass
 test-armhf-armhf-libvirt     13 migrate-support-check        fail   never pass
 test-armhf-armhf-libvirt     14 saverestore-support-check    fail   never pass
 test-amd64-amd64-xl-qemuu-win10-i386 10 windows-install        fail never pass
 test-amd64-amd64-xl-qemut-win10-i386 10 windows-install        fail never pass
 test-amd64-i386-xl-qemuu-win10-i386 10 windows-install         fail never pass
 test-amd64-i386-xl-qemut-win10-i386 10 windows-install         fail never pass

version targeted for testing:
 linux                6a83eb2354543e3263b880eb822c4b0993a2236b
baseline version:
 linux                19c04ca5b239e6e2277a5b381d1e79482ab9bbc5

Last test of basis   120047  2018-02-26 20:22:05 Z    8 days
Failing since        120091  2018-02-28 09:55:21 Z    6 days    4 attempts
Testing same since   120260  2018-03-05 12:55:27 Z    1 days    1 attempts

------------------------------------------------------------
People who touched revisions under test:
  Abhijeet Kumar <abhijeet.ku...@intel.com>
  Al Viro <v...@zeniv.linux.org.uk>
  Alan Stern <st...@rowland.harvard.edu>
  Albert Hsieh <wen.hs...@broadcom.com>
  Alex Deucher <alexander.deuc...@amd.com>
  Alexander Duyck <alexander.h.du...@intel.com>
  Alexander Kochetkov <al.koc...@gmail.com>
  Alexey Khoroshilov <khoroshi...@ispras.ru>
  Aliaksei Karaliou <akaraliou....@gmail.com>
  Aman Deep <aman.d...@samsung.com>
  Andreas Platschek <andreas.platsc...@opentech.at>
  Andrew Bowers <andrewx.bow...@intel.com>
  Andrew Morton <a...@linux-foundation.org>
  Anna-Maria Gleixner <anna-ma...@linutronix.de>
  Arjun Vynipadath <ar...@chelsio.com>
  Arnaldo Carvalho de Melo <a...@redhat.com>
  Arnd Bergmann <a...@arndb.de>
  Ben Gardner <gardner....@gmail.com>
  Ben Skeggs <bske...@redhat.com>
  Bin Liu <b-...@ti.com>
  Bjørn Mork <bj...@mork.no>
  Boris Brezillon <boris.brezil...@free-electrons.com>
  Boris Ostrovsky <boris.ostrov...@oracle.com>
  Brendan McGrath <red...@redmandi.dyndns.org>
  Casey Leedom <lee...@chelsio.com>
  Cathy Avery <cav...@redhat.com>
  Christian König <christian.koe...@amd.com>
  Christoph Hellwig <h...@lst.de>
  Christophe JAILLET <christophe.jail...@wanadoo.fr>
  Chunyan Zhang <zhang.l...@gmail.com>
  Dan Williams <dan.j.willi...@intel.com>
  Daniel Vetter <daniel.vet...@ffwll.ch>
  Daniele Palmas <dnl...@gmail.com>
  Darrick J. Wong <darrick.w...@oracle.com>
  David Howells <dhowe...@redhat.com>
  David S. Miller <da...@davemloft.net>
  Doug Ledford <dledf...@redhat.com>
  Eduardo Otubo <ot...@redhat.com>
  Erez Shitrit <ere...@mellanox.com>
  Eric Biggers <ebigg...@google.com>
  Felipe Balbi <felipe.ba...@linux.intel.com>
  Felix Janda <felix.ja...@posteo.de>
  Fengguang Wu <fengguang...@intel.com>
  Fredrik Hallenberg <megahal...@gmail.com>
  Ganesh Goudar <ganes...@chelsio.com>
  Gao Feng <gfree.w...@vip.163.com>
  Greg Kroah-Hartman <gre...@linuxfoundation.org>
  Guenter Roeck <li...@roeck-us.net>
  Guilherme G. Piccoli <gpicc...@linux.vnet.ibm.com>
  Haiqing Bai <haiqing....@windriver.com>
  Hao Chen <flank3r...@gmail.com>
  Herbert Xu <herb...@gondor.apana.org.au>
  Ingo Molnar <mi...@kernel.org>
  Jack Pham <ja...@codeaurora.org>
  Jack Stocker <jackstocker...@gmail.com>
  Jaegeuk Kim <jaeg...@kernel.org>
  James Hogan <jho...@kernel.org>
  Jan H. Schönherr <jscho...@amazon.de>
  Jan Kara <j...@suse.cz>
  Jarkko Nikula <jarkko.nik...@linux.intel.com>
  Jason Gunthorpe <j...@mellanox.com>
  Jeff Kirsher <jeffrey.t.kirs...@intel.com>
  Jeffy Chen <jeffy.c...@rock-chips.com>
  Jia-Ju Bai <baijiaju1...@163.com>
  Johannes Berg <johannes.b...@intel.com>
  Jon Maloy <jon.ma...@ericsson.com>
  Jonathan Cameron <jonathan.came...@huawei.com>
  Junwei Zhang <jerry.zh...@amd.com> (v2)
  Kai-Heng Feng <kai.heng.f...@canonical.com>
  Karol Herbst <kher...@redhat.com>
  Karsten Koop <kk...@ld-didactic.de>
  Keith Busch <keith.bu...@intel.com>
  Krzysztof Piotr Oledzki <o...@ans.pl>
  Lars-Peter Clausen <l...@metafoo.de>
  Leon Romanovsky <l...@kernel.org>
  Leon Romanovsky <leo...@mellanox.com>
  Linus Torvalds <torva...@linux-foundation.org>
  Long Li <lon...@microsoft.com>
  Lukas Wunner <lu...@wunner.de>
  Lukas Wunner <lu...@wunner.de> (v1)
  Luu An Phu <phu.lu...@nxp.com>
  Lvqiang Huang <lvqiang.hu...@spreadtrum.com>
  Marc Kleine-Budde <m...@pengutronix.de>
  Marc Zyngier <marc.zyng...@arm.com>
  Marcelo Ricardo Leitner <marcelo.leit...@gmail.com>
  Mark Brown <broo...@kernel.org>
  Martin K. Petersen <martin.peter...@oracle.com>
  Martin Schwidefsky <schwidef...@de.ibm.com>
  Matthieu CASTET <matthieu.cas...@parrot.com>
  Max Filippov <jcmvb...@gmail.com>
  Max Gurtovoy <m...@mellanox.com>
  Mayank Rana <mr...@codeaurora.org>
  Michael Chan <michael.c...@broadcom.com>
  Michael Weiser <michael.wei...@gmx.de>
  Nikolay Borisov <nbori...@suse.com>
  Nitzan Carmi <nitz...@mellanox.com>
  Pablo Neira Ayuso <pa...@netfilter.org>
  Paolo Abeni <pab...@redhat.com>
  Punit Agrawal <punit.agra...@arm.com>
  Radu Pirea <radu.pi...@microchip.com>
  Richard Cochran <richardcoch...@gmail.com>
  Richard Weinberger <rich...@nod.at>
  Ross Lagerwall <ross.lagerw...@citrix.com>
  Ross Zwisler <ross.zwis...@linux.intel.com>
  Russell King <rmk+ker...@armlinux.org.uk>
  Sascha Hauer <s.ha...@pengutronix.de>
  Sasha Levin <alexander.le...@microsoft.com>
  Sean Wang <sean.w...@mediatek.com>
  Sergei Shtylyov <sergei.shtyl...@cogentembedded.com>
  Shahed Shaikh <shahed.sha...@cavium.com>
  Shanker Donthineni <shank...@codeaurora.org>
  Shigeru Yoshida <shigeru.yosh...@windriver.com>
  Siva Reddy Kallam <siva.kal...@broadcom.com>
  Stefan Haberland <s...@linux.vnet.ibm.com>
  Stefan Windfeldt-Prytz <stefan.windfe...@axis.com>
  SZ Lin (林上智) <sz....@moxa.com>
  Thinh Nguyen <thinh.ngu...@synopsys.com>
  Thinh Nguyen <thi...@synopsys.com>
  Thomas Gleixner <t...@linutronix.de>
  Tommi Rantala <tommi.t.rant...@nokia.com>
  Tushar Dave <tushar.n.d...@oracle.com>
  Tyrel Datwyler <tyr...@linux.vnet.ibm.com>
  Venkat Devvuru <venkatkumar.duvv...@broadcom.com>
  Venkat Duvvuru <venkatkumar.duvv...@broadcom.com>
  Vinod Koul <vinod.k...@intel.com>
  Waldemar Brodkorb <w...@openadk.org>
  Will Deacon <will.dea...@arm.com>
  Will Deacon <will.dea...@arm.com>,
  Wolfram Sang <w...@the-dreams.de>
  Xin Long <lucien....@gmail.com>
  Xiongwei Song <sxwj...@gmail.com>
  Yangbo Lu <yangbo...@nxp.com>
  Ying Xue <ying....@windriver.com>
  Yoshihiro Shimoda <yoshihiro.shimoda...@renesas.com>
  Yunlei He <heyun...@huawei.com>

jobs:
 build-amd64-xsm                                              pass    
 build-arm64-xsm                                              pass    
 build-armhf-xsm                                              pass    
 build-i386-xsm                                               pass    
 build-amd64                                                  pass    
 build-arm64                                                  pass    
 build-armhf                                                  pass    
 build-i386                                                   pass    
 build-amd64-libvirt                                          pass    
 build-arm64-libvirt                                          pass    
 build-armhf-libvirt                                          pass    
 build-i386-libvirt                                           pass    
 build-amd64-pvops                                            pass    
 build-arm64-pvops                                            pass    
 build-armhf-pvops                                            pass    
 build-i386-pvops                                             pass    
 build-amd64-rumprun                                          pass    
 build-i386-rumprun                                           pass    
 test-amd64-amd64-xl                                          pass    
 test-arm64-arm64-xl                                          pass    
 test-armhf-armhf-xl                                          pass    
 test-amd64-i386-xl                                           pass    
 test-amd64-amd64-xl-qemut-debianhvm-amd64-xsm                pass    
 test-amd64-i386-xl-qemut-debianhvm-amd64-xsm                 pass    
 test-amd64-amd64-libvirt-qemuu-debianhvm-amd64-xsm           pass    
 test-amd64-i386-libvirt-qemuu-debianhvm-amd64-xsm            pass    
 test-amd64-amd64-xl-qemuu-debianhvm-amd64-xsm                pass    
 test-amd64-i386-xl-qemuu-debianhvm-amd64-xsm                 pass    
 test-amd64-amd64-xl-qemut-stubdom-debianhvm-amd64-xsm        pass    
 test-amd64-i386-xl-qemut-stubdom-debianhvm-amd64-xsm         pass    
 test-amd64-amd64-libvirt-xsm                                 pass    
 test-arm64-arm64-libvirt-xsm                                 pass    
 test-armhf-armhf-libvirt-xsm                                 pass    
 test-amd64-i386-libvirt-xsm                                  pass    
 test-amd64-amd64-xl-xsm                                      pass    
 test-arm64-arm64-xl-xsm                                      pass    
 test-armhf-armhf-xl-xsm                                      pass    
 test-amd64-i386-xl-xsm                                       pass    
 test-amd64-amd64-qemuu-nested-amd                            fail    
 test-amd64-amd64-xl-pvhv2-amd                                fail    
 test-amd64-i386-qemut-rhel6hvm-amd                           pass    
 test-amd64-i386-qemuu-rhel6hvm-amd                           pass    
 test-amd64-amd64-xl-qemut-debianhvm-amd64                    pass    
 test-amd64-i386-xl-qemut-debianhvm-amd64                     pass    
 test-amd64-amd64-xl-qemuu-debianhvm-amd64                    pass    
 test-amd64-i386-xl-qemuu-debianhvm-amd64                     pass    
 test-amd64-i386-freebsd10-amd64                              pass    
 test-amd64-amd64-xl-qemuu-ovmf-amd64                         pass    
 test-amd64-i386-xl-qemuu-ovmf-amd64                          pass    
 test-amd64-amd64-rumprun-amd64                               pass    
 test-amd64-amd64-xl-qemut-win7-amd64                         fail    
 test-amd64-i386-xl-qemut-win7-amd64                          fail    
 test-amd64-amd64-xl-qemuu-win7-amd64                         fail    
 test-amd64-i386-xl-qemuu-win7-amd64                          fail    
 test-amd64-amd64-xl-qemut-ws16-amd64                         fail    
 test-amd64-i386-xl-qemut-ws16-amd64                          fail    
 test-amd64-amd64-xl-qemuu-ws16-amd64                         fail    
 test-amd64-i386-xl-qemuu-ws16-amd64                          fail    
 test-armhf-armhf-xl-arndale                                  pass    
 test-amd64-amd64-xl-credit2                                  pass    
 test-arm64-arm64-xl-credit2                                  pass    
 test-armhf-armhf-xl-credit2                                  pass    
 test-armhf-armhf-xl-cubietruck                               pass    
 test-amd64-amd64-examine                                     pass    
 test-arm64-arm64-examine                                     pass    
 test-armhf-armhf-examine                                     pass    
 test-amd64-i386-examine                                      pass    
 test-amd64-i386-freebsd10-i386                               pass    
 test-amd64-i386-rumprun-i386                                 pass    
 test-amd64-amd64-xl-qemut-win10-i386                         fail    
 test-amd64-i386-xl-qemut-win10-i386                          fail    
 test-amd64-amd64-xl-qemuu-win10-i386                         fail    
 test-amd64-i386-xl-qemuu-win10-i386                          fail    
 test-amd64-amd64-qemuu-nested-intel                          pass    
 test-amd64-amd64-xl-pvhv2-intel                              fail    
 test-amd64-i386-qemut-rhel6hvm-intel                         pass    
 test-amd64-i386-qemuu-rhel6hvm-intel                         pass    
 test-amd64-amd64-libvirt                                     pass    
 test-armhf-armhf-libvirt                                     pass    
 test-amd64-i386-libvirt                                      pass    
 test-amd64-amd64-xl-multivcpu                                pass    
 test-armhf-armhf-xl-multivcpu                                pass    
 test-amd64-amd64-pair                                        pass    
 test-amd64-i386-pair                                         pass    
 test-amd64-amd64-libvirt-pair                                pass    
 test-amd64-i386-libvirt-pair                                 pass    
 test-amd64-amd64-amd64-pvgrub                                pass    
 test-amd64-amd64-i386-pvgrub                                 pass    
 test-amd64-amd64-pygrub                                      pass    
 test-amd64-amd64-xl-qcow2                                    pass    
 test-armhf-armhf-libvirt-raw                                 pass    
 test-amd64-i386-xl-raw                                       pass    
 test-amd64-amd64-xl-rtds                                     pass    
 test-armhf-armhf-xl-rtds                                     pass    
 test-amd64-amd64-libvirt-vhd                                 pass    
 test-armhf-armhf-xl-vhd                                      pass    


------------------------------------------------------------
sg-report-flight on osstest.test-lab.xenproject.org
logs: /home/logs/logs
images: /home/logs/images

Logs, config files, etc. are available at
    http://logs.test-lab.xenproject.org/osstest/logs

Explanation of these reports, and of osstest in general, is at
    http://xenbits.xen.org/gitweb/?p=osstest.git;a=blob;f=README.email;hb=master
    http://xenbits.xen.org/gitweb/?p=osstest.git;a=blob;f=README;hb=master

Test harness code can be found at
    http://xenbits.xen.org/gitweb?p=osstest.git;a=summary


Pushing revision :

To xenbits.xen.org:/home/xen/git/linux-pvops.git
   19c04ca5b239..6a83eb235454  6a83eb2354543e3263b880eb822c4b0993a2236b -> 
tested/linux-4.9

_______________________________________________
Xen-devel mailing list
Xen-devel@lists.xenproject.org
https://lists.xenproject.org/mailman/listinfo/xen-devel

Reply via email to